{"id":886,"date":"2022-08-09T01:22:23","date_gmt":"2022-08-08T23:22:23","guid":{"rendered":"https:\/\/elaimantair.fr\/boutique\/produit\/lautel-de-la-sorciere\/"},"modified":"2026-02-15T01:09:44","modified_gmt":"2026-02-15T00:09:44","slug":"lautel-de-la-sorciere","status":"publish","type":"product","link":"https:\/\/elaimantair.fr\/boutique\/produit\/lautel-de-la-sorciere\/","title":{"rendered":"L&rsquo;autel de la sorci\u00e8re"},"content":{"rendered":"<p>Depuis la Pr\u00e9histoire, l&rsquo;autel est un outil essentiel pour les rituels et la magie. L&rsquo;Autel de la sorci\u00e8re est une \u00e9tude en profondeur des autels pour covens et praticiens isol\u00e9s. De la construction et de l&rsquo;entretien de votre autel \u00e0 l&rsquo;utilisation d&rsquo;autels portatifs et cach\u00e9s, ce livre offre des conseils, des techniques et propose des pratiques amusantes aux sorci\u00e8res de tous niveaux. Personnalisez votre autel avec des <a href=\"https:\/\/elaimantair.fr\/boutique\/categorie-produit\/bougies\/\" target=\"_blank\" rel=\"noopener\">bougies<\/a>, des <a href=\"https:\/\/elaimantair.fr\/boutique\/categorie-produit\/mineraux\/\" target=\"_blank\" rel=\"noopener\">cristaux<\/a>, des outils sacr\u00e9s, des <a href=\"https:\/\/elaimantair.fr\/boutique\/categorie-produit\/statues\/\" target=\"_blank\" rel=\"noopener\">statues<\/a> et des <a href=\"https:\/\/elaimantair.fr\/boutique\/categorie-produit\/geometrie-sacree\/\" target=\"_blank\" rel=\"noopener\">symboles<\/a>. D\u00e9couvrez de nouvelles id\u00e9es pour r\u00e9aliser des autels des \u00e9l\u00e9ments, des saisons, en ext\u00e9rieur, ainsi que des autels d\u00e9di\u00e9s aux d\u00e9funts. L&rsquo;Autel de la sorci\u00e8re comprend aussi des participations fascinantes d&rsquo;auteurs majeurs, dont Jenya T.Beachy, Lilith Dorsey, Lon Milo DuQuette, Angus McMahan, Louis Martini\u00e9, Lupa, Gwion Raven et bien d&rsquo;autres. Rempli de sorts, de recettes et d&rsquo;astuces, ce livre vous donne tout ce dont vous avez besoin pour cr\u00e9er l&rsquo;autel de vos r\u00eaves magiques.<\/p>\n","protected":false},"excerpt":{"rendered":"<p>Depuis la Pr\u00e9histoire, l&rsquo;autel est un outil essentiel pour les rituels et la magie. L&rsquo;Autel de la sorci\u00e8re est une \u00e9tude en profondeur des autels pour covens et praticiens isol\u00e9s. De la construction et de l&rsquo;entretien de votre autel \u00e0 l&rsquo;utilisation d&rsquo;autels portatifs et cach\u00e9s, ce livre offre des conseils, des techniques et propose des pratiques amusantes aux sorci\u00e8res de tous niveaux.<\/p>\n","protected":false},"featured_media":884,"comment_status":"open","ping_status":"closed","template":"","meta":[],"product_brand":[],"product_cat":[68],"product_tag":[],"class_list":{"0":"post-886","1":"product","2":"type-product","3":"status-publish","4":"has-post-thumbnail","6":"product_cat-livres","8":"first","9":"instock","10":"sale","11":"sold-individually","12":"shipping-taxable","13":"purchasable","14":"product-type-simple"},"yoast_head":"<!-- This site is optimized with the Yoast SEO plugin v27.5 - https:\/\/yoast.com\/product\/yoast-seo-wordpress\/ -->\n<title>L&#039;autel de la sorci\u00e8re - Boutique El&#039;aimant Air<\/title>\n<meta name=\"description\" content=\"Depuis la Pr\u00e9histoire, l&#039;autel est un outil essentiel pour les rituels et la magie. L&#039;Autel de la sorci\u00e8re est une \u00e9tude en profondeur des autels.\" \/>\n<meta name=\"robots\" content=\"index, follow, max-snippet:-1, max-image-preview:large, max-video-preview:-1\" \/>\n<link rel=\"canonical\" href=\"https:\/\/elaimantair.fr\/boutique\/produit\/lautel-de-la-sorciere\/\" \/>\n<meta property=\"og:locale\" content=\"fr_FR\" \/>\n<meta property=\"og:type\" content=\"article\" \/>\n<meta property=\"og:title\" content=\"L&#039;autel de la sorci\u00e8re - Boutique El&#039;aimant Air\" \/>\n<meta property=\"og:description\" content=\"Depuis la Pr\u00e9histoire, l&#039;autel est un outil essentiel pour les rituels et la magie. L&#039;Autel de la sorci\u00e8re est une \u00e9tude en profondeur des autels.\" \/>\n<meta property=\"og:url\" content=\"https:\/\/elaimantair.fr\/boutique\/produit\/lautel-de-la-sorciere\/\" \/>\n<meta property=\"og:site_name\" content=\"Boutique El&#039;aimant Air\" \/>\n<meta property=\"article:publisher\" content=\"https:\/\/www.facebook.com\/louka.dou.5\" \/>\n<meta property=\"article:modified_time\" content=\"2026-02-15T00:09:44+00:00\" \/>\n<meta property=\"og:image\" content=\"https:\/\/elaimantair.fr\/boutique\/wp-content\/uploads\/2022\/08\/8337-scaled.jpg\" \/>\n\t<meta property=\"og:image:width\" content=\"1908\" \/>\n\t<meta property=\"og:image:height\" content=\"2560\" \/>\n\t<meta property=\"og:image:type\" content=\"image\/jpeg\" \/>\n<meta name=\"twitter:card\" content=\"summary_large_image\" \/>\n<meta name=\"twitter:site\" content=\"@AimantAir\" \/>\n<meta name=\"twitter:label1\" content=\"Dur\u00e9e de lecture estim\u00e9e\" \/>\n\t<meta name=\"twitter:data1\" content=\"1 minute\" \/>\n<script type=\"application\/ld+json\" class=\"yoast-schema-graph\">{\"@context\":\"https:\\\/\\\/schema.org\",\"@graph\":[{\"@type\":\"WebPage\",\"@id\":\"https:\\\/\\\/elaimantair.fr\\\/boutique\\\/produit\\\/lautel-de-la-sorciere\\\/\",\"url\":\"https:\\\/\\\/elaimantair.fr\\\/boutique\\\/produit\\\/lautel-de-la-sorciere\\\/\",\"name\":\"L'autel de la sorci\u00e8re - Boutique El&#039;aimant Air\",\"isPartOf\":{\"@id\":\"https:\\\/\\\/elaimantair.fr\\\/boutique\\\/#website\"},\"primaryImageOfPage\":{\"@id\":\"https:\\\/\\\/elaimantair.fr\\\/boutique\\\/produit\\\/lautel-de-la-sorciere\\\/#primaryimage\"},\"image\":{\"@id\":\"https:\\\/\\\/elaimantair.fr\\\/boutique\\\/produit\\\/lautel-de-la-sorciere\\\/#primaryimage\"},\"thumbnailUrl\":\"https:\\\/\\\/elaimantair.fr\\\/boutique\\\/wp-content\\\/uploads\\\/2022\\\/08\\\/8337-scaled.jpg\",\"datePublished\":\"2022-08-08T23:22:23+00:00\",\"dateModified\":\"2026-02-15T00:09:44+00:00\",\"description\":\"Depuis la Pr\u00e9histoire, l'autel est un outil essentiel pour les rituels et la magie. L'Autel de la sorci\u00e8re est une \u00e9tude en profondeur des autels.\",\"breadcrumb\":{\"@id\":\"https:\\\/\\\/elaimantair.fr\\\/boutique\\\/produit\\\/lautel-de-la-sorciere\\\/#breadcrumb\"},\"inLanguage\":\"fr-FR\",\"potentialAction\":[{\"@type\":\"ReadAction\",\"target\":[\"https:\\\/\\\/elaimantair.fr\\\/boutique\\\/produit\\\/lautel-de-la-sorciere\\\/\"]}]},{\"@type\":\"ImageObject\",\"inLanguage\":\"fr-FR\",\"@id\":\"https:\\\/\\\/elaimantair.fr\\\/boutique\\\/produit\\\/lautel-de-la-sorciere\\\/#primaryimage\",\"url\":\"https:\\\/\\\/elaimantair.fr\\\/boutique\\\/wp-content\\\/uploads\\\/2022\\\/08\\\/8337-scaled.jpg\",\"contentUrl\":\"https:\\\/\\\/elaimantair.fr\\\/boutique\\\/wp-content\\\/uploads\\\/2022\\\/08\\\/8337-scaled.jpg\",\"width\":1908,\"height\":2560,\"caption\":\"Livre L'autel de la sorci\u00e8re\"},{\"@type\":\"BreadcrumbList\",\"@id\":\"https:\\\/\\\/elaimantair.fr\\\/boutique\\\/produit\\\/lautel-de-la-sorciere\\\/#breadcrumb\",\"itemListElement\":[{\"@type\":\"ListItem\",\"position\":1,\"name\":\"Accueil boutique\",\"item\":\"https:\\\/\\\/elaimantair.fr\\\/boutique\\\/\"},{\"@type\":\"ListItem\",\"position\":2,\"name\":\"Accueil boutique\",\"item\":\"https:\\\/\\\/elaimantair.fr\\\/boutique\\\/\"},{\"@type\":\"ListItem\",\"position\":3,\"name\":\"L&rsquo;autel de la sorci\u00e8re\"}]},{\"@type\":\"WebSite\",\"@id\":\"https:\\\/\\\/elaimantair.fr\\\/boutique\\\/#website\",\"url\":\"https:\\\/\\\/elaimantair.fr\\\/boutique\\\/\",\"name\":\"Boutique El'aimant Air\",\"description\":\"Sublimer votre lumi\u00e8re\",\"publisher\":{\"@id\":\"https:\\\/\\\/elaimantair.fr\\\/boutique\\\/#organization\"},\"potentialAction\":[{\"@type\":\"SearchAction\",\"target\":{\"@type\":\"EntryPoint\",\"urlTemplate\":\"https:\\\/\\\/elaimantair.fr\\\/boutique\\\/?s={search_term_string}\"},\"query-input\":{\"@type\":\"PropertyValueSpecification\",\"valueRequired\":true,\"valueName\":\"search_term_string\"}}],\"inLanguage\":\"fr-FR\"},{\"@type\":\"Organization\",\"@id\":\"https:\\\/\\\/elaimantair.fr\\\/boutique\\\/#organization\",\"name\":\"El'aimant Air\",\"url\":\"https:\\\/\\\/elaimantair.fr\\\/boutique\\\/\",\"logo\":{\"@type\":\"ImageObject\",\"inLanguage\":\"fr-FR\",\"@id\":\"https:\\\/\\\/elaimantair.fr\\\/boutique\\\/#\\\/schema\\\/logo\\\/image\\\/\",\"url\":\"https:\\\/\\\/elaimantair.fr\\\/boutique\\\/wp-content\\\/uploads\\\/2022\\\/04\\\/elaimantairLogo-512.jpg\",\"contentUrl\":\"https:\\\/\\\/elaimantair.fr\\\/boutique\\\/wp-content\\\/uploads\\\/2022\\\/04\\\/elaimantairLogo-512.jpg\",\"width\":512,\"height\":512,\"caption\":\"El'aimant Air\"},\"image\":{\"@id\":\"https:\\\/\\\/elaimantair.fr\\\/boutique\\\/#\\\/schema\\\/logo\\\/image\\\/\"},\"sameAs\":[\"https:\\\/\\\/www.facebook.com\\\/louka.dou.5\",\"https:\\\/\\\/x.com\\\/AimantAir\",\"https:\\\/\\\/www.instagram.com\\\/elaimantair\",\"https:\\\/\\\/www.pinterest.com\\\/Elaimantair\\\/\"]}]}<\/script>\n<!-- \/ Yoast SEO plugin. -->","yoast_head_json":{"title":"L'autel de la sorci\u00e8re - Boutique El&#039;aimant Air","description":"Depuis la Pr\u00e9histoire, l'autel est un outil essentiel pour les rituels et la magie. L'Autel de la sorci\u00e8re est une \u00e9tude en profondeur des autels.","robots":{"index":"index","follow":"follow","max-snippet":"max-snippet:-1","max-image-preview":"max-image-preview:large","max-video-preview":"max-video-preview:-1"},"canonical":"https:\/\/elaimantair.fr\/boutique\/produit\/lautel-de-la-sorciere\/","og_locale":"fr_FR","og_type":"article","og_title":"L'autel de la sorci\u00e8re - Boutique El&#039;aimant Air","og_description":"Depuis la Pr\u00e9histoire, l'autel est un outil essentiel pour les rituels et la magie. L'Autel de la sorci\u00e8re est une \u00e9tude en profondeur des autels.","og_url":"https:\/\/elaimantair.fr\/boutique\/produit\/lautel-de-la-sorciere\/","og_site_name":"Boutique El&#039;aimant Air","article_publisher":"https:\/\/www.facebook.com\/louka.dou.5","article_modified_time":"2026-02-15T00:09:44+00:00","og_image":[{"width":1908,"height":2560,"url":"https:\/\/elaimantair.fr\/boutique\/wp-content\/uploads\/2022\/08\/8337-scaled.jpg","type":"image\/jpeg"}],"twitter_card":"summary_large_image","twitter_site":"@AimantAir","twitter_misc":{"Dur\u00e9e de lecture estim\u00e9e":"1 minute"},"schema":{"@context":"https:\/\/schema.org","@graph":[{"@type":"WebPage","@id":"https:\/\/elaimantair.fr\/boutique\/produit\/lautel-de-la-sorciere\/","url":"https:\/\/elaimantair.fr\/boutique\/produit\/lautel-de-la-sorciere\/","name":"L'autel de la sorci\u00e8re - Boutique El&#039;aimant Air","isPartOf":{"@id":"https:\/\/elaimantair.fr\/boutique\/#website"},"primaryImageOfPage":{"@id":"https:\/\/elaimantair.fr\/boutique\/produit\/lautel-de-la-sorciere\/#primaryimage"},"image":{"@id":"https:\/\/elaimantair.fr\/boutique\/produit\/lautel-de-la-sorciere\/#primaryimage"},"thumbnailUrl":"https:\/\/elaimantair.fr\/boutique\/wp-content\/uploads\/2022\/08\/8337-scaled.jpg","datePublished":"2022-08-08T23:22:23+00:00","dateModified":"2026-02-15T00:09:44+00:00","description":"Depuis la Pr\u00e9histoire, l'autel est un outil essentiel pour les rituels et la magie. L'Autel de la sorci\u00e8re est une \u00e9tude en profondeur des autels.","breadcrumb":{"@id":"https:\/\/elaimantair.fr\/boutique\/produit\/lautel-de-la-sorciere\/#breadcrumb"},"inLanguage":"fr-FR","potentialAction":[{"@type":"ReadAction","target":["https:\/\/elaimantair.fr\/boutique\/produit\/lautel-de-la-sorciere\/"]}]},{"@type":"ImageObject","inLanguage":"fr-FR","@id":"https:\/\/elaimantair.fr\/boutique\/produit\/lautel-de-la-sorciere\/#primaryimage","url":"https:\/\/elaimantair.fr\/boutique\/wp-content\/uploads\/2022\/08\/8337-scaled.jpg","contentUrl":"https:\/\/elaimantair.fr\/boutique\/wp-content\/uploads\/2022\/08\/8337-scaled.jpg","width":1908,"height":2560,"caption":"Livre L'autel de la sorci\u00e8re"},{"@type":"BreadcrumbList","@id":"https:\/\/elaimantair.fr\/boutique\/produit\/lautel-de-la-sorciere\/#breadcrumb","itemListElement":[{"@type":"ListItem","position":1,"name":"Accueil boutique","item":"https:\/\/elaimantair.fr\/boutique\/"},{"@type":"ListItem","position":2,"name":"Accueil boutique","item":"https:\/\/elaimantair.fr\/boutique\/"},{"@type":"ListItem","position":3,"name":"L&rsquo;autel de la sorci\u00e8re"}]},{"@type":"WebSite","@id":"https:\/\/elaimantair.fr\/boutique\/#website","url":"https:\/\/elaimantair.fr\/boutique\/","name":"Boutique El'aimant Air","description":"Sublimer votre lumi\u00e8re","publisher":{"@id":"https:\/\/elaimantair.fr\/boutique\/#organization"},"potentialAction":[{"@type":"SearchAction","target":{"@type":"EntryPoint","urlTemplate":"https:\/\/elaimantair.fr\/boutique\/?s={search_term_string}"},"query-input":{"@type":"PropertyValueSpecification","valueRequired":true,"valueName":"search_term_string"}}],"inLanguage":"fr-FR"},{"@type":"Organization","@id":"https:\/\/elaimantair.fr\/boutique\/#organization","name":"El'aimant Air","url":"https:\/\/elaimantair.fr\/boutique\/","logo":{"@type":"ImageObject","inLanguage":"fr-FR","@id":"https:\/\/elaimantair.fr\/boutique\/#\/schema\/logo\/image\/","url":"https:\/\/elaimantair.fr\/boutique\/wp-content\/uploads\/2022\/04\/elaimantairLogo-512.jpg","contentUrl":"https:\/\/elaimantair.fr\/boutique\/wp-content\/uploads\/2022\/04\/elaimantairLogo-512.jpg","width":512,"height":512,"caption":"El'aimant Air"},"image":{"@id":"https:\/\/elaimantair.fr\/boutique\/#\/schema\/logo\/image\/"},"sameAs":["https:\/\/www.facebook.com\/louka.dou.5","https:\/\/x.com\/AimantAir","https:\/\/www.instagram.com\/elaimantair","https:\/\/www.pinterest.com\/Elaimantair\/"]}]}},"jetpack_sharing_enabled":true,"_links":{"self":[{"href":"https:\/\/elaimantair.fr\/boutique\/wp-json\/wp\/v2\/product\/886","targetHints":{"allow":["GET"]}}],"collection":[{"href":"https:\/\/elaimantair.fr\/boutique\/wp-json\/wp\/v2\/product"}],"about":[{"href":"https:\/\/elaimantair.fr\/boutique\/wp-json\/wp\/v2\/types\/product"}],"replies":[{"embeddable":true,"href":"https:\/\/elaimantair.fr\/boutique\/wp-json\/wp\/v2\/comments?post=886"}],"wp:featuredmedia":[{"embeddable":true,"href":"https:\/\/elaimantair.fr\/boutique\/wp-json\/wp\/v2\/media\/884"}],"wp:attachment":[{"href":"https:\/\/elaimantair.fr\/boutique\/wp-json\/wp\/v2\/media?parent=886"}],"wp:term":[{"taxonomy":"product_brand","embeddable":true,"href":"https:\/\/elaimantair.fr\/boutique\/wp-json\/wp\/v2\/product_brand?post=886"},{"taxonomy":"product_cat","embeddable":true,"href":"https:\/\/elaimantair.fr\/boutique\/wp-json\/wp\/v2\/product_cat?post=886"},{"taxonomy":"product_tag","embeddable":true,"href":"https:\/\/elaimantair.fr\/boutique\/wp-json\/wp\/v2\/product_tag?post=886"}],"curies":[{"name":"wp","href":"https:\/\/api.w.org\/{rel}","templated":true}]}}