{"id":874,"date":"2022-08-09T01:14:07","date_gmt":"2022-08-08T23:14:07","guid":{"rendered":"https:\/\/elaimantair.fr\/boutique\/produit\/je-depasse-mon-sentiment-dinsecurite\/"},"modified":"2024-12-31T00:55:07","modified_gmt":"2024-12-30T23:55:07","slug":"je-depasse-mon-sentiment-dinsecurite","status":"publish","type":"product","link":"https:\/\/elaimantair.fr\/boutique\/produit\/je-depasse-mon-sentiment-dinsecurite\/","title":{"rendered":"Je d\u00e9passe mon sentiment d&rsquo;ins\u00e9curit\u00e9"},"content":{"rendered":"<p>Je d\u00e9passe mon sentiment d&rsquo;ins\u00e9curit\u00e9.<\/p>\n<p>J&rsquo;apprends \u00e0 distinguer ins\u00e9curit\u00e9 et sentiment d&rsquo;ins\u00e9curit\u00e9.<br \/>\nJe me d\u00e9barrasse de mes id\u00e9es n\u00e9gatives et je red\u00e9couvre l&rsquo;autre.<br \/>\nJe reprends confiance en moi, ce qui me permet de r\u00e9examiner mon environnement.<br \/>\nAvec du recul, je r\u00e9ussis \u00e0 changer ma perception du monde !<br \/>\nVotre cahier de poche vous suivra partout pour vous coacher et vous encourager ! Glissez-le dans votre sac et offrez-vous la vie dont vous r\u00eavez : vous le m\u00e9ritez.<\/p>\n","protected":false},"excerpt":{"rendered":"<p>J&rsquo;apprends \u00e0 distinguer ins\u00e9curit\u00e9 et sentiment d&rsquo;ins\u00e9curit\u00e9.<br \/>\nJe me d\u00e9barrasse de mes id\u00e9es n\u00e9gatives et je red\u00e9couvre l&rsquo;autre.<br \/>\nJe reprends confiance en moi, ce qui me permet de r\u00e9examiner mon environnement.<\/p>\n","protected":false},"featured_media":872,"comment_status":"open","ping_status":"closed","template":"","meta":[],"product_brand":[],"product_cat":[68],"product_tag":[],"class_list":{"0":"post-874","1":"product","2":"type-product","3":"status-publish","4":"has-post-thumbnail","6":"product_cat-livres","8":"first","9":"instock","10":"sale","11":"sold-individually","12":"shipping-taxable","13":"purchasable","14":"product-type-simple"},"yoast_head":"<!-- This site is optimized with the Yoast SEO plugin v27.5 - https:\/\/yoast.com\/product\/yoast-seo-wordpress\/ -->\n<title>Je d\u00e9passe mon sentiment d&#039;ins\u00e9curit\u00e9 - Boutique El&#039;aimant Air<\/title>\n<meta name=\"description\" content=\"Je d\u00e9passe mon sentiment d&#039;ins\u00e9curit\u00e9\" \/>\n<meta name=\"robots\" content=\"index, follow, max-snippet:-1, max-image-preview:large, max-video-preview:-1\" \/>\n<link rel=\"canonical\" href=\"https:\/\/elaimantair.fr\/boutique\/produit\/je-depasse-mon-sentiment-dinsecurite\/\" \/>\n<meta property=\"og:locale\" content=\"fr_FR\" \/>\n<meta property=\"og:type\" content=\"article\" \/>\n<meta property=\"og:title\" content=\"Je d\u00e9passe mon sentiment d&#039;ins\u00e9curit\u00e9 - Boutique El&#039;aimant Air\" \/>\n<meta property=\"og:description\" content=\"Je d\u00e9passe mon sentiment d&#039;ins\u00e9curit\u00e9\" \/>\n<meta property=\"og:url\" content=\"https:\/\/elaimantair.fr\/boutique\/produit\/je-depasse-mon-sentiment-dinsecurite\/\" \/>\n<meta property=\"og:site_name\" content=\"Boutique El&#039;aimant Air\" \/>\n<meta property=\"article:publisher\" content=\"https:\/\/www.facebook.com\/louka.dou.5\" \/>\n<meta property=\"article:modified_time\" content=\"2024-12-30T23:55:07+00:00\" \/>\n<meta property=\"og:image\" content=\"https:\/\/elaimantair.fr\/boutique\/wp-content\/uploads\/2022\/08\/8333-scaled.jpg\" \/>\n\t<meta property=\"og:image:width\" content=\"1959\" \/>\n\t<meta property=\"og:image:height\" content=\"2560\" \/>\n\t<meta property=\"og:image:type\" content=\"image\/jpeg\" \/>\n<meta name=\"twitter:card\" content=\"summary_large_image\" \/>\n<meta name=\"twitter:site\" content=\"@AimantAir\" \/>\n<script type=\"application\/ld+json\" class=\"yoast-schema-graph\">{\"@context\":\"https:\\\/\\\/schema.org\",\"@graph\":[{\"@type\":\"WebPage\",\"@id\":\"https:\\\/\\\/elaimantair.fr\\\/boutique\\\/produit\\\/je-depasse-mon-sentiment-dinsecurite\\\/\",\"url\":\"https:\\\/\\\/elaimantair.fr\\\/boutique\\\/produit\\\/je-depasse-mon-sentiment-dinsecurite\\\/\",\"name\":\"Je d\u00e9passe mon sentiment d'ins\u00e9curit\u00e9 - Boutique El&#039;aimant Air\",\"isPartOf\":{\"@id\":\"https:\\\/\\\/elaimantair.fr\\\/boutique\\\/#website\"},\"primaryImageOfPage\":{\"@id\":\"https:\\\/\\\/elaimantair.fr\\\/boutique\\\/produit\\\/je-depasse-mon-sentiment-dinsecurite\\\/#primaryimage\"},\"image\":{\"@id\":\"https:\\\/\\\/elaimantair.fr\\\/boutique\\\/produit\\\/je-depasse-mon-sentiment-dinsecurite\\\/#primaryimage\"},\"thumbnailUrl\":\"https:\\\/\\\/elaimantair.fr\\\/boutique\\\/wp-content\\\/uploads\\\/2022\\\/08\\\/8333-scaled.jpg\",\"datePublished\":\"2022-08-08T23:14:07+00:00\",\"dateModified\":\"2024-12-30T23:55:07+00:00\",\"description\":\"Je d\u00e9passe mon sentiment d'ins\u00e9curit\u00e9\",\"breadcrumb\":{\"@id\":\"https:\\\/\\\/elaimantair.fr\\\/boutique\\\/produit\\\/je-depasse-mon-sentiment-dinsecurite\\\/#breadcrumb\"},\"inLanguage\":\"fr-FR\",\"potentialAction\":[{\"@type\":\"ReadAction\",\"target\":[\"https:\\\/\\\/elaimantair.fr\\\/boutique\\\/produit\\\/je-depasse-mon-sentiment-dinsecurite\\\/\"]}]},{\"@type\":\"ImageObject\",\"inLanguage\":\"fr-FR\",\"@id\":\"https:\\\/\\\/elaimantair.fr\\\/boutique\\\/produit\\\/je-depasse-mon-sentiment-dinsecurite\\\/#primaryimage\",\"url\":\"https:\\\/\\\/elaimantair.fr\\\/boutique\\\/wp-content\\\/uploads\\\/2022\\\/08\\\/8333-scaled.jpg\",\"contentUrl\":\"https:\\\/\\\/elaimantair.fr\\\/boutique\\\/wp-content\\\/uploads\\\/2022\\\/08\\\/8333-scaled.jpg\",\"width\":1959,\"height\":2560,\"caption\":\"Livre J'apprends \u00e0 distinguer ins\u00e9curit\u00e9\"},{\"@type\":\"BreadcrumbList\",\"@id\":\"https:\\\/\\\/elaimantair.fr\\\/boutique\\\/produit\\\/je-depasse-mon-sentiment-dinsecurite\\\/#breadcrumb\",\"itemListElement\":[{\"@type\":\"ListItem\",\"position\":1,\"name\":\"Accueil boutique\",\"item\":\"https:\\\/\\\/elaimantair.fr\\\/boutique\\\/\"},{\"@type\":\"ListItem\",\"position\":2,\"name\":\"Accueil boutique\",\"item\":\"https:\\\/\\\/elaimantair.fr\\\/boutique\\\/\"},{\"@type\":\"ListItem\",\"position\":3,\"name\":\"Je d\u00e9passe mon sentiment d&rsquo;ins\u00e9curit\u00e9\"}]},{\"@type\":\"WebSite\",\"@id\":\"https:\\\/\\\/elaimantair.fr\\\/boutique\\\/#website\",\"url\":\"https:\\\/\\\/elaimantair.fr\\\/boutique\\\/\",\"name\":\"Boutique El'aimant Air\",\"description\":\"Sublimer votre lumi\u00e8re\",\"publisher\":{\"@id\":\"https:\\\/\\\/elaimantair.fr\\\/boutique\\\/#organization\"},\"potentialAction\":[{\"@type\":\"SearchAction\",\"target\":{\"@type\":\"EntryPoint\",\"urlTemplate\":\"https:\\\/\\\/elaimantair.fr\\\/boutique\\\/?s={search_term_string}\"},\"query-input\":{\"@type\":\"PropertyValueSpecification\",\"valueRequired\":true,\"valueName\":\"search_term_string\"}}],\"inLanguage\":\"fr-FR\"},{\"@type\":\"Organization\",\"@id\":\"https:\\\/\\\/elaimantair.fr\\\/boutique\\\/#organization\",\"name\":\"El'aimant Air\",\"url\":\"https:\\\/\\\/elaimantair.fr\\\/boutique\\\/\",\"logo\":{\"@type\":\"ImageObject\",\"inLanguage\":\"fr-FR\",\"@id\":\"https:\\\/\\\/elaimantair.fr\\\/boutique\\\/#\\\/schema\\\/logo\\\/image\\\/\",\"url\":\"https:\\\/\\\/elaimantair.fr\\\/boutique\\\/wp-content\\\/uploads\\\/2022\\\/04\\\/elaimantairLogo-512.jpg\",\"contentUrl\":\"https:\\\/\\\/elaimantair.fr\\\/boutique\\\/wp-content\\\/uploads\\\/2022\\\/04\\\/elaimantairLogo-512.jpg\",\"width\":512,\"height\":512,\"caption\":\"El'aimant Air\"},\"image\":{\"@id\":\"https:\\\/\\\/elaimantair.fr\\\/boutique\\\/#\\\/schema\\\/logo\\\/image\\\/\"},\"sameAs\":[\"https:\\\/\\\/www.facebook.com\\\/louka.dou.5\",\"https:\\\/\\\/x.com\\\/AimantAir\",\"https:\\\/\\\/www.instagram.com\\\/elaimantair\",\"https:\\\/\\\/www.pinterest.com\\\/Elaimantair\\\/\"]}]}<\/script>\n<!-- \/ Yoast SEO plugin. -->","yoast_head_json":{"title":"Je d\u00e9passe mon sentiment d'ins\u00e9curit\u00e9 - Boutique El&#039;aimant Air","description":"Je d\u00e9passe mon sentiment d'ins\u00e9curit\u00e9","robots":{"index":"index","follow":"follow","max-snippet":"max-snippet:-1","max-image-preview":"max-image-preview:large","max-video-preview":"max-video-preview:-1"},"canonical":"https:\/\/elaimantair.fr\/boutique\/produit\/je-depasse-mon-sentiment-dinsecurite\/","og_locale":"fr_FR","og_type":"article","og_title":"Je d\u00e9passe mon sentiment d'ins\u00e9curit\u00e9 - Boutique El&#039;aimant Air","og_description":"Je d\u00e9passe mon sentiment d'ins\u00e9curit\u00e9","og_url":"https:\/\/elaimantair.fr\/boutique\/produit\/je-depasse-mon-sentiment-dinsecurite\/","og_site_name":"Boutique El&#039;aimant Air","article_publisher":"https:\/\/www.facebook.com\/louka.dou.5","article_modified_time":"2024-12-30T23:55:07+00:00","og_image":[{"width":1959,"height":2560,"url":"https:\/\/elaimantair.fr\/boutique\/wp-content\/uploads\/2022\/08\/8333-scaled.jpg","type":"image\/jpeg"}],"twitter_card":"summary_large_image","twitter_site":"@AimantAir","schema":{"@context":"https:\/\/schema.org","@graph":[{"@type":"WebPage","@id":"https:\/\/elaimantair.fr\/boutique\/produit\/je-depasse-mon-sentiment-dinsecurite\/","url":"https:\/\/elaimantair.fr\/boutique\/produit\/je-depasse-mon-sentiment-dinsecurite\/","name":"Je d\u00e9passe mon sentiment d'ins\u00e9curit\u00e9 - Boutique El&#039;aimant Air","isPartOf":{"@id":"https:\/\/elaimantair.fr\/boutique\/#website"},"primaryImageOfPage":{"@id":"https:\/\/elaimantair.fr\/boutique\/produit\/je-depasse-mon-sentiment-dinsecurite\/#primaryimage"},"image":{"@id":"https:\/\/elaimantair.fr\/boutique\/produit\/je-depasse-mon-sentiment-dinsecurite\/#primaryimage"},"thumbnailUrl":"https:\/\/elaimantair.fr\/boutique\/wp-content\/uploads\/2022\/08\/8333-scaled.jpg","datePublished":"2022-08-08T23:14:07+00:00","dateModified":"2024-12-30T23:55:07+00:00","description":"Je d\u00e9passe mon sentiment d'ins\u00e9curit\u00e9","breadcrumb":{"@id":"https:\/\/elaimantair.fr\/boutique\/produit\/je-depasse-mon-sentiment-dinsecurite\/#breadcrumb"},"inLanguage":"fr-FR","potentialAction":[{"@type":"ReadAction","target":["https:\/\/elaimantair.fr\/boutique\/produit\/je-depasse-mon-sentiment-dinsecurite\/"]}]},{"@type":"ImageObject","inLanguage":"fr-FR","@id":"https:\/\/elaimantair.fr\/boutique\/produit\/je-depasse-mon-sentiment-dinsecurite\/#primaryimage","url":"https:\/\/elaimantair.fr\/boutique\/wp-content\/uploads\/2022\/08\/8333-scaled.jpg","contentUrl":"https:\/\/elaimantair.fr\/boutique\/wp-content\/uploads\/2022\/08\/8333-scaled.jpg","width":1959,"height":2560,"caption":"Livre J'apprends \u00e0 distinguer ins\u00e9curit\u00e9"},{"@type":"BreadcrumbList","@id":"https:\/\/elaimantair.fr\/boutique\/produit\/je-depasse-mon-sentiment-dinsecurite\/#breadcrumb","itemListElement":[{"@type":"ListItem","position":1,"name":"Accueil boutique","item":"https:\/\/elaimantair.fr\/boutique\/"},{"@type":"ListItem","position":2,"name":"Accueil boutique","item":"https:\/\/elaimantair.fr\/boutique\/"},{"@type":"ListItem","position":3,"name":"Je d\u00e9passe mon sentiment d&rsquo;ins\u00e9curit\u00e9"}]},{"@type":"WebSite","@id":"https:\/\/elaimantair.fr\/boutique\/#website","url":"https:\/\/elaimantair.fr\/boutique\/","name":"Boutique El'aimant Air","description":"Sublimer votre lumi\u00e8re","publisher":{"@id":"https:\/\/elaimantair.fr\/boutique\/#organization"},"potentialAction":[{"@type":"SearchAction","target":{"@type":"EntryPoint","urlTemplate":"https:\/\/elaimantair.fr\/boutique\/?s={search_term_string}"},"query-input":{"@type":"PropertyValueSpecification","valueRequired":true,"valueName":"search_term_string"}}],"inLanguage":"fr-FR"},{"@type":"Organization","@id":"https:\/\/elaimantair.fr\/boutique\/#organization","name":"El'aimant Air","url":"https:\/\/elaimantair.fr\/boutique\/","logo":{"@type":"ImageObject","inLanguage":"fr-FR","@id":"https:\/\/elaimantair.fr\/boutique\/#\/schema\/logo\/image\/","url":"https:\/\/elaimantair.fr\/boutique\/wp-content\/uploads\/2022\/04\/elaimantairLogo-512.jpg","contentUrl":"https:\/\/elaimantair.fr\/boutique\/wp-content\/uploads\/2022\/04\/elaimantairLogo-512.jpg","width":512,"height":512,"caption":"El'aimant Air"},"image":{"@id":"https:\/\/elaimantair.fr\/boutique\/#\/schema\/logo\/image\/"},"sameAs":["https:\/\/www.facebook.com\/louka.dou.5","https:\/\/x.com\/AimantAir","https:\/\/www.instagram.com\/elaimantair","https:\/\/www.pinterest.com\/Elaimantair\/"]}]}},"jetpack_sharing_enabled":true,"_links":{"self":[{"href":"https:\/\/elaimantair.fr\/boutique\/wp-json\/wp\/v2\/product\/874","targetHints":{"allow":["GET"]}}],"collection":[{"href":"https:\/\/elaimantair.fr\/boutique\/wp-json\/wp\/v2\/product"}],"about":[{"href":"https:\/\/elaimantair.fr\/boutique\/wp-json\/wp\/v2\/types\/product"}],"replies":[{"embeddable":true,"href":"https:\/\/elaimantair.fr\/boutique\/wp-json\/wp\/v2\/comments?post=874"}],"wp:featuredmedia":[{"embeddable":true,"href":"https:\/\/elaimantair.fr\/boutique\/wp-json\/wp\/v2\/media\/872"}],"wp:attachment":[{"href":"https:\/\/elaimantair.fr\/boutique\/wp-json\/wp\/v2\/media?parent=874"}],"wp:term":[{"taxonomy":"product_brand","embeddable":true,"href":"https:\/\/elaimantair.fr\/boutique\/wp-json\/wp\/v2\/product_brand?post=874"},{"taxonomy":"product_cat","embeddable":true,"href":"https:\/\/elaimantair.fr\/boutique\/wp-json\/wp\/v2\/product_cat?post=874"},{"taxonomy":"product_tag","embeddable":true,"href":"https:\/\/elaimantair.fr\/boutique\/wp-json\/wp\/v2\/product_tag?post=874"}],"curies":[{"name":"wp","href":"https:\/\/api.w.org\/{rel}","templated":true}]}}

Je dépasse mon sentiment d&rsquo;insécurité

<p>Je dépasse mon sentiment d&rsquo;insécurité.</p>
<p>J&rsquo;apprends à distinguer insécurité et sentiment d&rsquo;insécurité.<br />
Je me débarrasse de mes idées négatives et je redécouvre l&rsquo;autre.<br />
Je reprends confiance en moi, ce qui me permet de réexaminer mon environnement.<br />
Avec du recul, je réussis à changer ma perception du monde !<br />
Votre cahier de poche vous suivra partout pour vous coacher et vous encourager ! Glissez-le dans votre sac et offrez-vous la vie dont vous rêvez : vous le méritez.</p>

<p>J&rsquo;apprends à distinguer insécurité et sentiment d&rsquo;insécurité.<br />
Je me débarrasse de mes idées négatives et je redécouvre l&rsquo;autre.<br />
Je reprends confiance en moi, ce qui me permet de réexaminer mon environnement.</p>

<!-- This site is optimized with the Yoast SEO plugin v27.5 - https://yoast.com/product/yoast-seo-wordpress/ -->
<title>Je dépasse mon sentiment d&#039;insécurité - Boutique El&#039;aimant Air</title>
<meta name="description" content="Je dépasse mon sentiment d&#039;insécurité" />
<meta name="robots" content="index, follow, max-snippet:-1, max-image-preview:large, max-video-preview:-1" />
<link rel="canonical" href="https://elaimantair.fr/boutique/produit/je-depasse-mon-sentiment-dinsecurite/" />
<meta property="og:locale" content="fr_FR" />
<meta property="og:type" content="article" />
<meta property="og:title" content="Je dépasse mon sentiment d&#039;insécurité - Boutique El&#039;aimant Air" />
<meta property="og:description" content="Je dépasse mon sentiment d&#039;insécurité" />
<meta property="og:url" content="https://elaimantair.fr/boutique/produit/je-depasse-mon-sentiment-dinsecurite/" />
<meta property="og:site_name" content="Boutique El&#039;aimant Air" />
<meta property="article:publisher" content="https://www.facebook.com/louka.dou.5" />
<meta property="article:modified_time" content="2024-12-30T23:55:07+00:00" />
<meta property="og:image" content="https://elaimantair.fr/boutique/wp-content/uploads/2022/08/8333-scaled.jpg" />
	<meta property="og:image:width" content="1959" />
	<meta property="og:image:height" content="2560" />
	<meta property="og:image:type" content="image/jpeg" />
<meta name="twitter:card" content="summary_large_image" />
<meta name="twitter:site" content="@AimantAir" />
<script type="application/ld+json" class="yoast-schema-graph">{"@context":"https:\/\/schema.org","@graph":[{"@type":"WebPage","@id":"https:\/\/elaimantair.fr\/boutique\/produit\/je-depasse-mon-sentiment-dinsecurite\/","url":"https:\/\/elaimantair.fr\/boutique\/produit\/je-depasse-mon-sentiment-dinsecurite\/","name":"Je dépasse mon sentiment d'insécurité - Boutique El&#039;aimant Air","isPartOf":{"@id":"https:\/\/elaimantair.fr\/boutique\/#website"},"primaryImageOfPage":{"@id":"https:\/\/elaimantair.fr\/boutique\/produit\/je-depasse-mon-sentiment-dinsecurite\/#primaryimage"},"image":{"@id":"https:\/\/elaimantair.fr\/boutique\/produit\/je-depasse-mon-sentiment-dinsecurite\/#primaryimage"},"thumbnailUrl":"https:\/\/elaimantair.fr\/boutique\/wp-content\/uploads\/2022\/08\/8333-scaled.jpg","datePublished":"2022-08-08T23:14:07+00:00","dateModified":"2024-12-30T23:55:07+00:00","description":"Je dépasse mon sentiment d'insécurité","breadcrumb":{"@id":"https:\/\/elaimantair.fr\/boutique\/produit\/je-depasse-mon-sentiment-dinsecurite\/#breadcrumb"},"inLanguage":"fr-FR","potentialAction":[{"@type":"ReadAction","target":["https:\/\/elaimantair.fr\/boutique\/produit\/je-depasse-mon-sentiment-dinsecurite\/"]}]},{"@type":"ImageObject","inLanguage":"fr-FR","@id":"https:\/\/elaimantair.fr\/boutique\/produit\/je-depasse-mon-sentiment-dinsecurite\/#primaryimage","url":"https:\/\/elaimantair.fr\/boutique\/wp-content\/uploads\/2022\/08\/8333-scaled.jpg","contentUrl":"https:\/\/elaimantair.fr\/boutique\/wp-content\/uploads\/2022\/08\/8333-scaled.jpg","width":1959,"height":2560,"caption":"Livre J'apprends à distinguer insécurité"},{"@type":"BreadcrumbList","@id":"https:\/\/elaimantair.fr\/boutique\/produit\/je-depasse-mon-sentiment-dinsecurite\/#breadcrumb","itemListElement":[{"@type":"ListItem","position":1,"name":"Accueil boutique","item":"https:\/\/elaimantair.fr\/boutique\/"},{"@type":"ListItem","position":2,"name":"Accueil boutique","item":"https:\/\/elaimantair.fr\/boutique\/"},{"@type":"ListItem","position":3,"name":"Je dépasse mon sentiment d&rsquo;insécurité"}]},{"@type":"WebSite","@id":"https:\/\/elaimantair.fr\/boutique\/#website","url":"https:\/\/elaimantair.fr\/boutique\/","name":"Boutique El'aimant Air","description":"Sublimer votre lumière","publisher":{"@id":"https:\/\/elaimantair.fr\/boutique\/#organization"},"potentialAction":[{"@type":"SearchAction","target":{"@type":"EntryPoint","urlTemplate":"https:\/\/elaimantair.fr\/boutique\/?s={search_term_string}"},"query-input":{"@type":"PropertyValueSpecification","valueRequired":true,"valueName":"search_term_string"}}],"inLanguage":"fr-FR"},{"@type":"Organization","@id":"https:\/\/elaimantair.fr\/boutique\/#organization","name":"El'aimant Air","url":"https:\/\/elaimantair.fr\/boutique\/","logo":{"@type":"ImageObject","inLanguage":"fr-FR","@id":"https:\/\/elaimantair.fr\/boutique\/#\/schema\/logo\/image\/","url":"https:\/\/elaimantair.fr\/boutique\/wp-content\/uploads\/2022\/04\/elaimantairLogo-512.jpg","contentUrl":"https:\/\/elaimantair.fr\/boutique\/wp-content\/uploads\/2022\/04\/elaimantairLogo-512.jpg","width":512,"height":512,"caption":"El'aimant Air"},"image":{"@id":"https:\/\/elaimantair.fr\/boutique\/#\/schema\/logo\/image\/"},"sameAs":["https:\/\/www.facebook.com\/louka.dou.5","https:\/\/x.com\/AimantAir","https:\/\/www.instagram.com\/elaimantair","https:\/\/www.pinterest.com\/Elaimantair\/"]}]}</script>
<!-- / Yoast SEO plugin. -->

Je dépasse mon sentiment d'insécurité - Boutique El&#039;aimant Air

Je dépasse mon sentiment d'insécurité

Livre J'apprends à distinguer insécurité

Sublimer votre lumière
