{"id":801,"date":"2022-08-02T02:14:48","date_gmt":"2022-08-02T00:14:48","guid":{"rendered":"https:\/\/elaimantair.fr\/boutique\/produit\/le-tour-de-tarot-en-78-jours\/"},"modified":"2024-02-11T13:30:35","modified_gmt":"2024-02-11T12:30:35","slug":"le-tour-de-tarot-en-78-jours","status":"publish","type":"product","link":"https:\/\/elaimantair.fr\/boutique\/produit\/le-tour-de-tarot-en-78-jours\/","title":{"rendered":"Le tour de tarot en 78 jours"},"content":{"rendered":"<p><span style=\"font-family: Roboto,Arial,Helvetica,Tahoma,sans-serif; font-size: 13px; font-style: normal; font-weight: 400; letter-spacing: normal; text-transform: none; float: none; text-align: left;\">Le tour de <a href=\"https:\/\/elaimantair.fr\/boutique\/categorie-produit\/oracles\/\" target=\"_blank\" rel=\"noopener\">tarot<\/a> en 78 jours.<\/span><\/p>\n<p><span style=\"font-family: Roboto,Arial,Helvetica,Tahoma,sans-serif; font-size: 13px; font-style: normal; font-weight: 400; letter-spacing: normal; text-transform: none; float: none; text-align: left;\">Bienvenue au pays du tarot, o\u00f9 chaque carte est une aventure riche en d\u00e9couvertes.<br \/>\nVoyagez dans le monde passionnant du tarot avec ce cours complet en 78 jours.<\/span><\/p>\n<p><span style=\"font-family: Roboto,Arial,Helvetica,Tahoma,sans-serif; font-size: 13px; font-style: normal; font-weight: 400; letter-spacing: normal; text-transform: none; float: none; text-align: left;\">Pr\u00e9sent\u00e9 de fa\u00e7on unique, dans un format d&rsquo;une carte par jour. Ce manuel vous donne des bases solides sur le tarot. Il vous propose de nouvelles mani\u00e8res d&rsquo;enrichir votre vie en vous servant de la sagesse des cartes.<br \/>\n<\/span><span style=\"font-family: Roboto,Arial,Helvetica,Tahoma,sans-serif; font-size: 13px; font-style: normal; font-weight: 400; letter-spacing: normal; text-transform: none; float: none; text-align: left;\">Marcus Katz et Tali Goodwin, tarologues et enseignants de renom, vous font voyager carte par carte dans le paysage symbolique du tarot. <\/span><\/p>\n<p><span style=\"font-family: Roboto,Arial,Helvetica,Tahoma,sans-serif; font-size: 13px; font-style: normal; font-weight: 400; letter-spacing: normal; text-transform: none; float: none; text-align: left;\">Vous pouvez faire les exercices dans l&rsquo;ordre indiqu\u00e9 ou \u00e9tudier les lames \u00e0 votre guise. Au fil des pages, les auteurs jettent un nouvel \u00e9clairage, moderne et rafra\u00eechissant, sur les m\u00e9thodes traditionnelles. Ils vous enseignent comment interpr\u00e9ter les tirages en les vivant sous forme de m\u00e9ditations, d&rsquo;activit\u00e9s, d&rsquo;affirmations et d&rsquo;oracles. D\u00e9couvrez les mots-cl\u00e9s de chaque carte et comment les utiliser. Allez encore plus loin avec des tirages-portails \u2014 qui vous guident vers une exp\u00e9rience extraordinaire \u2014 et des cours int\u00e9gr\u00e9s sur la magie et les correspondances kabbalistiques. <\/span><\/p>\n<p><span style=\"font-family: Roboto,Arial,Helvetica,Tahoma,sans-serif; font-size: 13px; font-style: normal; font-weight: 400; letter-spacing: normal; text-transform: none; float: none; text-align: left;\">Non, le tarot n&rsquo;est pas un simple jeu de cartes. Il s&rsquo;agit d&rsquo;un lieu o\u00f9 votre esprit rencontre les myst\u00e8res et o\u00f9 votre imagination survole le paysage du temps lui-m\u00eame. Vous pourrez obtenir des informations sur votre pass\u00e9, votre pr\u00e9sent et votre avenir\u2026<\/span><\/p>\n","protected":false},"excerpt":{"rendered":"<p><span style=\"font-family: Roboto,Arial,Helvetica,Tahoma,sans-serif; font-size: 13px; font-style: normal; font-weight: 400; letter-spacing: normal; text-transform: none; float: none; text-align: left;\">Bienvenue au pays du tarot, o\u00f9 chaque carte est une aventure riche en d\u00e9couvertes. Voyagez dans le monde passionnant du tarot avec ce cours complet en 78 jours.<\/span><\/p>\n","protected":false},"featured_media":799,"comment_status":"open","ping_status":"closed","template":"","meta":[],"product_brand":[],"product_cat":[68],"product_tag":[],"class_list":{"0":"post-801","1":"product","2":"type-product","3":"status-publish","4":"has-post-thumbnail","6":"product_cat-livres","8":"first","9":"instock","10":"sale","11":"sold-individually","12":"shipping-taxable","13":"purchasable","14":"product-type-simple"},"yoast_head":"<!-- This site is optimized with the Yoast SEO plugin v27.5 - https:\/\/yoast.com\/product\/yoast-seo-wordpress\/ -->\n<title>Le tour de tarot en 78 jours - Boutique El&#039;aimant Air<\/title>\n<meta name=\"description\" content=\"Bienvenue au pays du tarot, o\u00f9 chaque carte est une aventure riche en d\u00e9couvertes. Voyagez dans le monde passionnant du tarot avec ce cours complet en 78 jours.\" \/>\n<meta name=\"robots\" content=\"index, follow, max-snippet:-1, max-image-preview:large, max-video-preview:-1\" \/>\n<link rel=\"canonical\" href=\"https:\/\/elaimantair.fr\/boutique\/produit\/le-tour-de-tarot-en-78-jours\/\" \/>\n<meta property=\"og:locale\" content=\"fr_FR\" \/>\n<meta property=\"og:type\" content=\"article\" \/>\n<meta property=\"og:title\" content=\"Le tour de tarot en 78 jours - Boutique El&#039;aimant Air\" \/>\n<meta property=\"og:description\" content=\"Bienvenue au pays du tarot, o\u00f9 chaque carte est une aventure riche en d\u00e9couvertes. Voyagez dans le monde passionnant du tarot avec ce cours complet en 78 jours.\" \/>\n<meta property=\"og:url\" content=\"https:\/\/elaimantair.fr\/boutique\/produit\/le-tour-de-tarot-en-78-jours\/\" \/>\n<meta property=\"og:site_name\" content=\"Boutique El&#039;aimant Air\" \/>\n<meta property=\"article:publisher\" content=\"https:\/\/www.facebook.com\/louka.dou.5\" \/>\n<meta property=\"article:modified_time\" content=\"2024-02-11T12:30:35+00:00\" \/>\n<meta property=\"og:image\" content=\"https:\/\/elaimantair.fr\/boutique\/wp-content\/uploads\/2022\/08\/8321-scaled.jpg\" \/>\n\t<meta property=\"og:image:width\" content=\"1920\" \/>\n\t<meta property=\"og:image:height\" content=\"2560\" \/>\n\t<meta property=\"og:image:type\" content=\"image\/jpeg\" \/>\n<meta name=\"twitter:card\" content=\"summary_large_image\" \/>\n<meta name=\"twitter:site\" content=\"@AimantAir\" \/>\n<meta name=\"twitter:label1\" content=\"Dur\u00e9e de lecture estim\u00e9e\" \/>\n\t<meta name=\"twitter:data1\" content=\"1 minute\" \/>\n<script type=\"application\/ld+json\" class=\"yoast-schema-graph\">{\"@context\":\"https:\\\/\\\/schema.org\",\"@graph\":[{\"@type\":\"WebPage\",\"@id\":\"https:\\\/\\\/elaimantair.fr\\\/boutique\\\/produit\\\/le-tour-de-tarot-en-78-jours\\\/\",\"url\":\"https:\\\/\\\/elaimantair.fr\\\/boutique\\\/produit\\\/le-tour-de-tarot-en-78-jours\\\/\",\"name\":\"Le tour de tarot en 78 jours - Boutique El&#039;aimant Air\",\"isPartOf\":{\"@id\":\"https:\\\/\\\/elaimantair.fr\\\/boutique\\\/#website\"},\"primaryImageOfPage\":{\"@id\":\"https:\\\/\\\/elaimantair.fr\\\/boutique\\\/produit\\\/le-tour-de-tarot-en-78-jours\\\/#primaryimage\"},\"image\":{\"@id\":\"https:\\\/\\\/elaimantair.fr\\\/boutique\\\/produit\\\/le-tour-de-tarot-en-78-jours\\\/#primaryimage\"},\"thumbnailUrl\":\"https:\\\/\\\/elaimantair.fr\\\/boutique\\\/wp-content\\\/uploads\\\/2022\\\/08\\\/8321-scaled.jpg\",\"datePublished\":\"2022-08-02T00:14:48+00:00\",\"dateModified\":\"2024-02-11T12:30:35+00:00\",\"description\":\"Bienvenue au pays du tarot, o\u00f9 chaque carte est une aventure riche en d\u00e9couvertes. Voyagez dans le monde passionnant du tarot avec ce cours complet en 78 jours.\",\"breadcrumb\":{\"@id\":\"https:\\\/\\\/elaimantair.fr\\\/boutique\\\/produit\\\/le-tour-de-tarot-en-78-jours\\\/#breadcrumb\"},\"inLanguage\":\"fr-FR\",\"potentialAction\":[{\"@type\":\"ReadAction\",\"target\":[\"https:\\\/\\\/elaimantair.fr\\\/boutique\\\/produit\\\/le-tour-de-tarot-en-78-jours\\\/\"]}]},{\"@type\":\"ImageObject\",\"inLanguage\":\"fr-FR\",\"@id\":\"https:\\\/\\\/elaimantair.fr\\\/boutique\\\/produit\\\/le-tour-de-tarot-en-78-jours\\\/#primaryimage\",\"url\":\"https:\\\/\\\/elaimantair.fr\\\/boutique\\\/wp-content\\\/uploads\\\/2022\\\/08\\\/8321-scaled.jpg\",\"contentUrl\":\"https:\\\/\\\/elaimantair.fr\\\/boutique\\\/wp-content\\\/uploads\\\/2022\\\/08\\\/8321-scaled.jpg\",\"width\":1920,\"height\":2560,\"caption\":\"Livre Le tour de tarot en 78 jours\"},{\"@type\":\"BreadcrumbList\",\"@id\":\"https:\\\/\\\/elaimantair.fr\\\/boutique\\\/produit\\\/le-tour-de-tarot-en-78-jours\\\/#breadcrumb\",\"itemListElement\":[{\"@type\":\"ListItem\",\"position\":1,\"name\":\"Accueil boutique\",\"item\":\"https:\\\/\\\/elaimantair.fr\\\/boutique\\\/\"},{\"@type\":\"ListItem\",\"position\":2,\"name\":\"Accueil boutique\",\"item\":\"https:\\\/\\\/elaimantair.fr\\\/boutique\\\/\"},{\"@type\":\"ListItem\",\"position\":3,\"name\":\"Le tour de tarot en 78 jours\"}]},{\"@type\":\"WebSite\",\"@id\":\"https:\\\/\\\/elaimantair.fr\\\/boutique\\\/#website\",\"url\":\"https:\\\/\\\/elaimantair.fr\\\/boutique\\\/\",\"name\":\"Boutique El'aimant Air\",\"description\":\"Sublimer votre lumi\u00e8re\",\"publisher\":{\"@id\":\"https:\\\/\\\/elaimantair.fr\\\/boutique\\\/#organization\"},\"potentialAction\":[{\"@type\":\"SearchAction\",\"target\":{\"@type\":\"EntryPoint\",\"urlTemplate\":\"https:\\\/\\\/elaimantair.fr\\\/boutique\\\/?s={search_term_string}\"},\"query-input\":{\"@type\":\"PropertyValueSpecification\",\"valueRequired\":true,\"valueName\":\"search_term_string\"}}],\"inLanguage\":\"fr-FR\"},{\"@type\":\"Organization\",\"@id\":\"https:\\\/\\\/elaimantair.fr\\\/boutique\\\/#organization\",\"name\":\"El'aimant Air\",\"url\":\"https:\\\/\\\/elaimantair.fr\\\/boutique\\\/\",\"logo\":{\"@type\":\"ImageObject\",\"inLanguage\":\"fr-FR\",\"@id\":\"https:\\\/\\\/elaimantair.fr\\\/boutique\\\/#\\\/schema\\\/logo\\\/image\\\/\",\"url\":\"https:\\\/\\\/elaimantair.fr\\\/boutique\\\/wp-content\\\/uploads\\\/2022\\\/04\\\/elaimantairLogo-512.jpg\",\"contentUrl\":\"https:\\\/\\\/elaimantair.fr\\\/boutique\\\/wp-content\\\/uploads\\\/2022\\\/04\\\/elaimantairLogo-512.jpg\",\"width\":512,\"height\":512,\"caption\":\"El'aimant Air\"},\"image\":{\"@id\":\"https:\\\/\\\/elaimantair.fr\\\/boutique\\\/#\\\/schema\\\/logo\\\/image\\\/\"},\"sameAs\":[\"https:\\\/\\\/www.facebook.com\\\/louka.dou.5\",\"https:\\\/\\\/x.com\\\/AimantAir\",\"https:\\\/\\\/www.instagram.com\\\/elaimantair\",\"https:\\\/\\\/www.pinterest.com\\\/Elaimantair\\\/\"]}]}<\/script>\n<!-- \/ Yoast SEO plugin. -->","yoast_head_json":{"title":"Le tour de tarot en 78 jours - Boutique El&#039;aimant Air","description":"Bienvenue au pays du tarot, o\u00f9 chaque carte est une aventure riche en d\u00e9couvertes. Voyagez dans le monde passionnant du tarot avec ce cours complet en 78 jours.","robots":{"index":"index","follow":"follow","max-snippet":"max-snippet:-1","max-image-preview":"max-image-preview:large","max-video-preview":"max-video-preview:-1"},"canonical":"https:\/\/elaimantair.fr\/boutique\/produit\/le-tour-de-tarot-en-78-jours\/","og_locale":"fr_FR","og_type":"article","og_title":"Le tour de tarot en 78 jours - Boutique El&#039;aimant Air","og_description":"Bienvenue au pays du tarot, o\u00f9 chaque carte est une aventure riche en d\u00e9couvertes. Voyagez dans le monde passionnant du tarot avec ce cours complet en 78 jours.","og_url":"https:\/\/elaimantair.fr\/boutique\/produit\/le-tour-de-tarot-en-78-jours\/","og_site_name":"Boutique El&#039;aimant Air","article_publisher":"https:\/\/www.facebook.com\/louka.dou.5","article_modified_time":"2024-02-11T12:30:35+00:00","og_image":[{"width":1920,"height":2560,"url":"https:\/\/elaimantair.fr\/boutique\/wp-content\/uploads\/2022\/08\/8321-scaled.jpg","type":"image\/jpeg"}],"twitter_card":"summary_large_image","twitter_site":"@AimantAir","twitter_misc":{"Dur\u00e9e de lecture estim\u00e9e":"1 minute"},"schema":{"@context":"https:\/\/schema.org","@graph":[{"@type":"WebPage","@id":"https:\/\/elaimantair.fr\/boutique\/produit\/le-tour-de-tarot-en-78-jours\/","url":"https:\/\/elaimantair.fr\/boutique\/produit\/le-tour-de-tarot-en-78-jours\/","name":"Le tour de tarot en 78 jours - Boutique El&#039;aimant Air","isPartOf":{"@id":"https:\/\/elaimantair.fr\/boutique\/#website"},"primaryImageOfPage":{"@id":"https:\/\/elaimantair.fr\/boutique\/produit\/le-tour-de-tarot-en-78-jours\/#primaryimage"},"image":{"@id":"https:\/\/elaimantair.fr\/boutique\/produit\/le-tour-de-tarot-en-78-jours\/#primaryimage"},"thumbnailUrl":"https:\/\/elaimantair.fr\/boutique\/wp-content\/uploads\/2022\/08\/8321-scaled.jpg","datePublished":"2022-08-02T00:14:48+00:00","dateModified":"2024-02-11T12:30:35+00:00","description":"Bienvenue au pays du tarot, o\u00f9 chaque carte est une aventure riche en d\u00e9couvertes. Voyagez dans le monde passionnant du tarot avec ce cours complet en 78 jours.","breadcrumb":{"@id":"https:\/\/elaimantair.fr\/boutique\/produit\/le-tour-de-tarot-en-78-jours\/#breadcrumb"},"inLanguage":"fr-FR","potentialAction":[{"@type":"ReadAction","target":["https:\/\/elaimantair.fr\/boutique\/produit\/le-tour-de-tarot-en-78-jours\/"]}]},{"@type":"ImageObject","inLanguage":"fr-FR","@id":"https:\/\/elaimantair.fr\/boutique\/produit\/le-tour-de-tarot-en-78-jours\/#primaryimage","url":"https:\/\/elaimantair.fr\/boutique\/wp-content\/uploads\/2022\/08\/8321-scaled.jpg","contentUrl":"https:\/\/elaimantair.fr\/boutique\/wp-content\/uploads\/2022\/08\/8321-scaled.jpg","width":1920,"height":2560,"caption":"Livre Le tour de tarot en 78 jours"},{"@type":"BreadcrumbList","@id":"https:\/\/elaimantair.fr\/boutique\/produit\/le-tour-de-tarot-en-78-jours\/#breadcrumb","itemListElement":[{"@type":"ListItem","position":1,"name":"Accueil boutique","item":"https:\/\/elaimantair.fr\/boutique\/"},{"@type":"ListItem","position":2,"name":"Accueil boutique","item":"https:\/\/elaimantair.fr\/boutique\/"},{"@type":"ListItem","position":3,"name":"Le tour de tarot en 78 jours"}]},{"@type":"WebSite","@id":"https:\/\/elaimantair.fr\/boutique\/#website","url":"https:\/\/elaimantair.fr\/boutique\/","name":"Boutique El'aimant Air","description":"Sublimer votre lumi\u00e8re","publisher":{"@id":"https:\/\/elaimantair.fr\/boutique\/#organization"},"potentialAction":[{"@type":"SearchAction","target":{"@type":"EntryPoint","urlTemplate":"https:\/\/elaimantair.fr\/boutique\/?s={search_term_string}"},"query-input":{"@type":"PropertyValueSpecification","valueRequired":true,"valueName":"search_term_string"}}],"inLanguage":"fr-FR"},{"@type":"Organization","@id":"https:\/\/elaimantair.fr\/boutique\/#organization","name":"El'aimant Air","url":"https:\/\/elaimantair.fr\/boutique\/","logo":{"@type":"ImageObject","inLanguage":"fr-FR","@id":"https:\/\/elaimantair.fr\/boutique\/#\/schema\/logo\/image\/","url":"https:\/\/elaimantair.fr\/boutique\/wp-content\/uploads\/2022\/04\/elaimantairLogo-512.jpg","contentUrl":"https:\/\/elaimantair.fr\/boutique\/wp-content\/uploads\/2022\/04\/elaimantairLogo-512.jpg","width":512,"height":512,"caption":"El'aimant Air"},"image":{"@id":"https:\/\/elaimantair.fr\/boutique\/#\/schema\/logo\/image\/"},"sameAs":["https:\/\/www.facebook.com\/louka.dou.5","https:\/\/x.com\/AimantAir","https:\/\/www.instagram.com\/elaimantair","https:\/\/www.pinterest.com\/Elaimantair\/"]}]}},"jetpack_sharing_enabled":true,"_links":{"self":[{"href":"https:\/\/elaimantair.fr\/boutique\/wp-json\/wp\/v2\/product\/801","targetHints":{"allow":["GET"]}}],"collection":[{"href":"https:\/\/elaimantair.fr\/boutique\/wp-json\/wp\/v2\/product"}],"about":[{"href":"https:\/\/elaimantair.fr\/boutique\/wp-json\/wp\/v2\/types\/product"}],"replies":[{"embeddable":true,"href":"https:\/\/elaimantair.fr\/boutique\/wp-json\/wp\/v2\/comments?post=801"}],"wp:featuredmedia":[{"embeddable":true,"href":"https:\/\/elaimantair.fr\/boutique\/wp-json\/wp\/v2\/media\/799"}],"wp:attachment":[{"href":"https:\/\/elaimantair.fr\/boutique\/wp-json\/wp\/v2\/media?parent=801"}],"wp:term":[{"taxonomy":"product_brand","embeddable":true,"href":"https:\/\/elaimantair.fr\/boutique\/wp-json\/wp\/v2\/product_brand?post=801"},{"taxonomy":"product_cat","embeddable":true,"href":"https:\/\/elaimantair.fr\/boutique\/wp-json\/wp\/v2\/product_cat?post=801"},{"taxonomy":"product_tag","embeddable":true,"href":"https:\/\/elaimantair.fr\/boutique\/wp-json\/wp\/v2\/product_tag?post=801"}],"curies":[{"name":"wp","href":"https:\/\/api.w.org\/{rel}","templated":true}]}}