{"id":1533,"date":"2024-02-16T00:03:14","date_gmt":"2024-02-15T23:03:14","guid":{"rendered":"https:\/\/elaimantair.fr\/boutique\/?post_type=product&#038;p=1533"},"modified":"2024-04-30T17:28:12","modified_gmt":"2024-04-30T15:28:12","slug":"bracelet-des-7-chakras-2","status":"publish","type":"product","link":"https:\/\/elaimantair.fr\/boutique\/produit\/bracelet-des-7-chakras-2\/","title":{"rendered":"7 chakras acier"},"content":{"rendered":"<p>Bracelet en acier avec mousqueton et perles 8mm en pierre naturelle, avec perles de rocailles.<\/p>\n<p>Les bracelets 7 chakras sont des bijoux empreints de symbolisme et de spiritualit\u00e9, con\u00e7us pour \u00e9quilibrer et harmoniser les sept centres \u00e9nerg\u00e9tiques du corps, appel\u00e9s chakras. Chaque chakra est associ\u00e9 \u00e0 une couleur et \u00e0 des aspects \u00e9motionnels et spirituels sp\u00e9cifiques.<\/p>\n<p>Chaque perle en pierre pr\u00e9sente sur le bracelet correspond \u00e0 l&rsquo;une des sept couleurs associ\u00e9es aux chakras. Le rouge repr\u00e9sente le chakra racine, le orange le chakra sacr\u00e9, le jaune le chakra du plexus solaire, le vert le chakra du c\u0153ur, le bleu clair le chakra de la gorge, l&rsquo;indigo le chakra du troisi\u00e8me \u0153il, et le violet le chakra coronal.<\/p>\n<p>En portant un bracelet 7 chakras, l&rsquo;intention est de favoriser l&rsquo;alignement et l&rsquo;harmonisation des chakras, permettant ainsi \u00e0 l&rsquo;\u00e9nergie vitale de circuler librement \u00e0 travers le corps. Cela peut contribuer \u00e0 une meilleure sant\u00e9 physique, \u00e9motionnelle et spirituelle.<\/p>\n<p>Chaque perle en pierre\u00a0 est choisie pour ses propri\u00e9t\u00e9s \u00e9nerg\u00e9tiques sp\u00e9cifiques. Par exemple, le jaspe rouge aide \u00e0 ancrer et stabiliser le chakra racine, tandis que l&rsquo;am\u00e9thyste peut favoriser la clart\u00e9 mentale et l&rsquo;ouverture du chakra coronal.<\/p>\n<p>Pour profiter pleinement de leurs bienfaits, il est recommand\u00e9 de les porter r\u00e9guli\u00e8rement et de se concentrer sur son intention d&rsquo;\u00e9quilibrage et d&rsquo;harmonisation des chakras. Certains pratiquants de spiritualit\u00e9 utilisent \u00e9galement la m\u00e9ditation ou la visualisation pour renforcer l&rsquo;effet des bracelets.<\/p>\n<p>En plus de leurs propri\u00e9t\u00e9s \u00e9nerg\u00e9tiques, ils sont \u00e9galement appr\u00e9ci\u00e9s pour leur esth\u00e9tique attrayante et leur capacit\u00e9 \u00e0 compl\u00e9ter diff\u00e9rents styles vestimentaires. Ils sont souvent port\u00e9s comme des accessoires de mode tout en offrant des avantages spirituels et \u00e9nerg\u00e9tiques.<\/p>\n<p>En r\u00e9sum\u00e9, les bracelets 7 chakras sont bien plus que de simples bijoux. Ils repr\u00e9sentent un outil pr\u00e9cieux pour \u00e9quilibrer et harmoniser les \u00e9nergies du corps, tout en ajoutant une touche de spiritualit\u00e9 et de beaut\u00e9 \u00e0 la vie quotidienne.<\/p>\n<p>Jaspe rouge, cornaline, calcite jaune, aventurine, sodalite, amazonite, am\u00e9thyste<\/p>\n<p>Offert une aide \u00e0 mettre le bracelet<\/p>\n","protected":false},"excerpt":{"rendered":"<p>Bracelet en acier avec mousqueton et perles 8mm en pierre naturelle, avec perles de rocailles.<\/p>\n<p>&nbsp;<\/p>\n","protected":false},"featured_media":1534,"comment_status":"open","ping_status":"closed","template":"","meta":[],"product_brand":[],"product_cat":[75],"product_tag":[],"class_list":{"0":"post-1533","1":"product","2":"type-product","3":"status-publish","4":"has-post-thumbnail","6":"product_cat-bracelets","8":"first","9":"instock","10":"sale","11":"sold-individually","12":"shipping-taxable","13":"purchasable","14":"product-type-simple"},"yoast_head":"<!-- This site is optimized with the Yoast SEO plugin v27.3 - https:\/\/yoast.com\/product\/yoast-seo-wordpress\/ -->\n<title>7 chakras acier - Boutique El&#039;aimant Air<\/title>\n<meta name=\"description\" content=\"Bracelet en acier avec mousqueton et perles 8mm en pierre naturelle, avec perles de rocailles.Les bracelets 7 chakras sont des bijoux empreints\" \/>\n<meta name=\"robots\" content=\"index, follow, max-snippet:-1, max-image-preview:large, max-video-preview:-1\" \/>\n<link rel=\"canonical\" href=\"https:\/\/elaimantair.fr\/boutique\/produit\/bracelet-des-7-chakras-2\/\" \/>\n<meta property=\"og:locale\" content=\"fr_FR\" \/>\n<meta property=\"og:type\" content=\"article\" \/>\n<meta property=\"og:title\" content=\"7 chakras acier - Boutique El&#039;aimant Air\" \/>\n<meta property=\"og:description\" content=\"Bracelet en acier avec mousqueton et perles 8mm en pierre naturelle, avec perles de rocailles.Les bracelets 7 chakras sont des bijoux empreints\" \/>\n<meta property=\"og:url\" content=\"https:\/\/elaimantair.fr\/boutique\/produit\/bracelet-des-7-chakras-2\/\" \/>\n<meta property=\"og:site_name\" content=\"Boutique El&#039;aimant Air\" \/>\n<meta property=\"article:publisher\" content=\"https:\/\/www.facebook.com\/louka.dou.5\" \/>\n<meta property=\"article:modified_time\" content=\"2024-04-30T15:28:12+00:00\" \/>\n<meta property=\"og:image\" content=\"https:\/\/elaimantair.fr\/boutique\/wp-content\/uploads\/2024\/02\/1000033153.jpg\" \/>\n\t<meta property=\"og:image:width\" content=\"2000\" \/>\n\t<meta property=\"og:image:height\" content=\"2000\" \/>\n\t<meta property=\"og:image:type\" content=\"image\/jpeg\" \/>\n<meta name=\"twitter:card\" content=\"summary_large_image\" \/>\n<meta name=\"twitter:site\" content=\"@AimantAir\" \/>\n<meta name=\"twitter:label1\" content=\"Dur\u00e9e de lecture estim\u00e9e\" \/>\n\t<meta name=\"twitter:data1\" content=\"2 minutes\" \/>\n<script type=\"application\/ld+json\" class=\"yoast-schema-graph\">{\"@context\":\"https:\\\/\\\/schema.org\",\"@graph\":[{\"@type\":\"WebPage\",\"@id\":\"https:\\\/\\\/elaimantair.fr\\\/boutique\\\/produit\\\/bracelet-des-7-chakras-2\\\/\",\"url\":\"https:\\\/\\\/elaimantair.fr\\\/boutique\\\/produit\\\/bracelet-des-7-chakras-2\\\/\",\"name\":\"7 chakras acier - Boutique El&#039;aimant Air\",\"isPartOf\":{\"@id\":\"https:\\\/\\\/elaimantair.fr\\\/boutique\\\/#website\"},\"primaryImageOfPage\":{\"@id\":\"https:\\\/\\\/elaimantair.fr\\\/boutique\\\/produit\\\/bracelet-des-7-chakras-2\\\/#primaryimage\"},\"image\":{\"@id\":\"https:\\\/\\\/elaimantair.fr\\\/boutique\\\/produit\\\/bracelet-des-7-chakras-2\\\/#primaryimage\"},\"thumbnailUrl\":\"https:\\\/\\\/elaimantair.fr\\\/boutique\\\/wp-content\\\/uploads\\\/2024\\\/02\\\/1000033153.jpg\",\"datePublished\":\"2024-02-15T23:03:14+00:00\",\"dateModified\":\"2024-04-30T15:28:12+00:00\",\"description\":\"Bracelet en acier avec mousqueton et perles 8mm en pierre naturelle, avec perles de rocailles.Les bracelets 7 chakras sont des bijoux empreints\",\"breadcrumb\":{\"@id\":\"https:\\\/\\\/elaimantair.fr\\\/boutique\\\/produit\\\/bracelet-des-7-chakras-2\\\/#breadcrumb\"},\"inLanguage\":\"fr-FR\",\"potentialAction\":[{\"@type\":\"ReadAction\",\"target\":[\"https:\\\/\\\/elaimantair.fr\\\/boutique\\\/produit\\\/bracelet-des-7-chakras-2\\\/\"]}]},{\"@type\":\"ImageObject\",\"inLanguage\":\"fr-FR\",\"@id\":\"https:\\\/\\\/elaimantair.fr\\\/boutique\\\/produit\\\/bracelet-des-7-chakras-2\\\/#primaryimage\",\"url\":\"https:\\\/\\\/elaimantair.fr\\\/boutique\\\/wp-content\\\/uploads\\\/2024\\\/02\\\/1000033153.jpg\",\"contentUrl\":\"https:\\\/\\\/elaimantair.fr\\\/boutique\\\/wp-content\\\/uploads\\\/2024\\\/02\\\/1000033153.jpg\",\"width\":2000,\"height\":2000,\"caption\":\"bracelets 7 chakras s\"},{\"@type\":\"BreadcrumbList\",\"@id\":\"https:\\\/\\\/elaimantair.fr\\\/boutique\\\/produit\\\/bracelet-des-7-chakras-2\\\/#breadcrumb\",\"itemListElement\":[{\"@type\":\"ListItem\",\"position\":1,\"name\":\"Accueil boutique\",\"item\":\"https:\\\/\\\/elaimantair.fr\\\/boutique\\\/\"},{\"@type\":\"ListItem\",\"position\":2,\"name\":\"Accueil boutique\",\"item\":\"https:\\\/\\\/elaimantair.fr\\\/boutique\\\/\"},{\"@type\":\"ListItem\",\"position\":3,\"name\":\"7 chakras acier\"}]},{\"@type\":\"WebSite\",\"@id\":\"https:\\\/\\\/elaimantair.fr\\\/boutique\\\/#website\",\"url\":\"https:\\\/\\\/elaimantair.fr\\\/boutique\\\/\",\"name\":\"Boutique El'aimant Air\",\"description\":\"Sublimer votre lumi\u00e8re\",\"publisher\":{\"@id\":\"https:\\\/\\\/elaimantair.fr\\\/boutique\\\/#organization\"},\"potentialAction\":[{\"@type\":\"SearchAction\",\"target\":{\"@type\":\"EntryPoint\",\"urlTemplate\":\"https:\\\/\\\/elaimantair.fr\\\/boutique\\\/?s={search_term_string}\"},\"query-input\":{\"@type\":\"PropertyValueSpecification\",\"valueRequired\":true,\"valueName\":\"search_term_string\"}}],\"inLanguage\":\"fr-FR\"},{\"@type\":\"Organization\",\"@id\":\"https:\\\/\\\/elaimantair.fr\\\/boutique\\\/#organization\",\"name\":\"El'aimant Air\",\"url\":\"https:\\\/\\\/elaimantair.fr\\\/boutique\\\/\",\"logo\":{\"@type\":\"ImageObject\",\"inLanguage\":\"fr-FR\",\"@id\":\"https:\\\/\\\/elaimantair.fr\\\/boutique\\\/#\\\/schema\\\/logo\\\/image\\\/\",\"url\":\"https:\\\/\\\/elaimantair.fr\\\/boutique\\\/wp-content\\\/uploads\\\/2022\\\/04\\\/elaimantairLogo-512.jpg\",\"contentUrl\":\"https:\\\/\\\/elaimantair.fr\\\/boutique\\\/wp-content\\\/uploads\\\/2022\\\/04\\\/elaimantairLogo-512.jpg\",\"width\":512,\"height\":512,\"caption\":\"El'aimant Air\"},\"image\":{\"@id\":\"https:\\\/\\\/elaimantair.fr\\\/boutique\\\/#\\\/schema\\\/logo\\\/image\\\/\"},\"sameAs\":[\"https:\\\/\\\/www.facebook.com\\\/louka.dou.5\",\"https:\\\/\\\/x.com\\\/AimantAir\",\"https:\\\/\\\/www.instagram.com\\\/elaimantair\",\"https:\\\/\\\/www.pinterest.com\\\/Elaimantair\\\/\"]}]}<\/script>\n<!-- \/ Yoast SEO plugin. -->","yoast_head_json":{"title":"7 chakras acier - Boutique El&#039;aimant Air","description":"Bracelet en acier avec mousqueton et perles 8mm en pierre naturelle, avec perles de rocailles.Les bracelets 7 chakras sont des bijoux empreints","robots":{"index":"index","follow":"follow","max-snippet":"max-snippet:-1","max-image-preview":"max-image-preview:large","max-video-preview":"max-video-preview:-1"},"canonical":"https:\/\/elaimantair.fr\/boutique\/produit\/bracelet-des-7-chakras-2\/","og_locale":"fr_FR","og_type":"article","og_title":"7 chakras acier - Boutique El&#039;aimant Air","og_description":"Bracelet en acier avec mousqueton et perles 8mm en pierre naturelle, avec perles de rocailles.Les bracelets 7 chakras sont des bijoux empreints","og_url":"https:\/\/elaimantair.fr\/boutique\/produit\/bracelet-des-7-chakras-2\/","og_site_name":"Boutique El&#039;aimant Air","article_publisher":"https:\/\/www.facebook.com\/louka.dou.5","article_modified_time":"2024-04-30T15:28:12+00:00","og_image":[{"width":2000,"height":2000,"url":"https:\/\/elaimantair.fr\/boutique\/wp-content\/uploads\/2024\/02\/1000033153.jpg","type":"image\/jpeg"}],"twitter_card":"summary_large_image","twitter_site":"@AimantAir","twitter_misc":{"Dur\u00e9e de lecture estim\u00e9e":"2 minutes"},"schema":{"@context":"https:\/\/schema.org","@graph":[{"@type":"WebPage","@id":"https:\/\/elaimantair.fr\/boutique\/produit\/bracelet-des-7-chakras-2\/","url":"https:\/\/elaimantair.fr\/boutique\/produit\/bracelet-des-7-chakras-2\/","name":"7 chakras acier - Boutique El&#039;aimant Air","isPartOf":{"@id":"https:\/\/elaimantair.fr\/boutique\/#website"},"primaryImageOfPage":{"@id":"https:\/\/elaimantair.fr\/boutique\/produit\/bracelet-des-7-chakras-2\/#primaryimage"},"image":{"@id":"https:\/\/elaimantair.fr\/boutique\/produit\/bracelet-des-7-chakras-2\/#primaryimage"},"thumbnailUrl":"https:\/\/elaimantair.fr\/boutique\/wp-content\/uploads\/2024\/02\/1000033153.jpg","datePublished":"2024-02-15T23:03:14+00:00","dateModified":"2024-04-30T15:28:12+00:00","description":"Bracelet en acier avec mousqueton et perles 8mm en pierre naturelle, avec perles de rocailles.Les bracelets 7 chakras sont des bijoux empreints","breadcrumb":{"@id":"https:\/\/elaimantair.fr\/boutique\/produit\/bracelet-des-7-chakras-2\/#breadcrumb"},"inLanguage":"fr-FR","potentialAction":[{"@type":"ReadAction","target":["https:\/\/elaimantair.fr\/boutique\/produit\/bracelet-des-7-chakras-2\/"]}]},{"@type":"ImageObject","inLanguage":"fr-FR","@id":"https:\/\/elaimantair.fr\/boutique\/produit\/bracelet-des-7-chakras-2\/#primaryimage","url":"https:\/\/elaimantair.fr\/boutique\/wp-content\/uploads\/2024\/02\/1000033153.jpg","contentUrl":"https:\/\/elaimantair.fr\/boutique\/wp-content\/uploads\/2024\/02\/1000033153.jpg","width":2000,"height":2000,"caption":"bracelets 7 chakras s"},{"@type":"BreadcrumbList","@id":"https:\/\/elaimantair.fr\/boutique\/produit\/bracelet-des-7-chakras-2\/#breadcrumb","itemListElement":[{"@type":"ListItem","position":1,"name":"Accueil boutique","item":"https:\/\/elaimantair.fr\/boutique\/"},{"@type":"ListItem","position":2,"name":"Accueil boutique","item":"https:\/\/elaimantair.fr\/boutique\/"},{"@type":"ListItem","position":3,"name":"7 chakras acier"}]},{"@type":"WebSite","@id":"https:\/\/elaimantair.fr\/boutique\/#website","url":"https:\/\/elaimantair.fr\/boutique\/","name":"Boutique El'aimant Air","description":"Sublimer votre lumi\u00e8re","publisher":{"@id":"https:\/\/elaimantair.fr\/boutique\/#organization"},"potentialAction":[{"@type":"SearchAction","target":{"@type":"EntryPoint","urlTemplate":"https:\/\/elaimantair.fr\/boutique\/?s={search_term_string}"},"query-input":{"@type":"PropertyValueSpecification","valueRequired":true,"valueName":"search_term_string"}}],"inLanguage":"fr-FR"},{"@type":"Organization","@id":"https:\/\/elaimantair.fr\/boutique\/#organization","name":"El'aimant Air","url":"https:\/\/elaimantair.fr\/boutique\/","logo":{"@type":"ImageObject","inLanguage":"fr-FR","@id":"https:\/\/elaimantair.fr\/boutique\/#\/schema\/logo\/image\/","url":"https:\/\/elaimantair.fr\/boutique\/wp-content\/uploads\/2022\/04\/elaimantairLogo-512.jpg","contentUrl":"https:\/\/elaimantair.fr\/boutique\/wp-content\/uploads\/2022\/04\/elaimantairLogo-512.jpg","width":512,"height":512,"caption":"El'aimant Air"},"image":{"@id":"https:\/\/elaimantair.fr\/boutique\/#\/schema\/logo\/image\/"},"sameAs":["https:\/\/www.facebook.com\/louka.dou.5","https:\/\/x.com\/AimantAir","https:\/\/www.instagram.com\/elaimantair","https:\/\/www.pinterest.com\/Elaimantair\/"]}]}},"jetpack_sharing_enabled":true,"_links":{"self":[{"href":"https:\/\/elaimantair.fr\/boutique\/wp-json\/wp\/v2\/product\/1533","targetHints":{"allow":["GET"]}}],"collection":[{"href":"https:\/\/elaimantair.fr\/boutique\/wp-json\/wp\/v2\/product"}],"about":[{"href":"https:\/\/elaimantair.fr\/boutique\/wp-json\/wp\/v2\/types\/product"}],"replies":[{"embeddable":true,"href":"https:\/\/elaimantair.fr\/boutique\/wp-json\/wp\/v2\/comments?post=1533"}],"wp:featuredmedia":[{"embeddable":true,"href":"https:\/\/elaimantair.fr\/boutique\/wp-json\/wp\/v2\/media\/1534"}],"wp:attachment":[{"href":"https:\/\/elaimantair.fr\/boutique\/wp-json\/wp\/v2\/media?parent=1533"}],"wp:term":[{"taxonomy":"product_brand","embeddable":true,"href":"https:\/\/elaimantair.fr\/boutique\/wp-json\/wp\/v2\/product_brand?post=1533"},{"taxonomy":"product_cat","embeddable":true,"href":"https:\/\/elaimantair.fr\/boutique\/wp-json\/wp\/v2\/product_cat?post=1533"},{"taxonomy":"product_tag","embeddable":true,"href":"https:\/\/elaimantair.fr\/boutique\/wp-json\/wp\/v2\/product_tag?post=1533"}],"curies":[{"name":"wp","href":"https:\/\/api.w.org\/{rel}","templated":true}]}}