{"id":1298,"date":"2023-03-31T13:13:23","date_gmt":"2023-03-31T11:13:23","guid":{"rendered":"https:\/\/elaimantair.fr\/boutique\/produit\/noeud-de-sorciere-2\/"},"modified":"2026-02-17T04:43:05","modified_gmt":"2026-02-17T03:43:05","slug":"noeud-de-sorciere-2","status":"publish","type":"product","link":"https:\/\/elaimantair.fr\/boutique\/produit\/noeud-de-sorciere-2\/","title":{"rendered":"N\u0153ud de sorci\u00e8re"},"content":{"rendered":"<p>Collier n\u0153ud de sorci\u00e8re en acier inoxydable avec perles en quartz rose<\/p>\n<p>Le n\u0153ud de sorci\u00e8re est un symbole ancien, souvent utilis\u00e9 dans les pratiques de sorcellerie et de magie. Il est form\u00e9 en entrela\u00e7ant une corde ou un fil dans un motif complexe de n\u0153uds, cr\u00e9ant ainsi une structure \u00e9nigmatique et myst\u00e9rieuse.<\/p>\n<p>Ce n\u0153ud est souvent utilis\u00e9 dans des rituels magiques pour lier ou d\u00e9lier des \u00e9nergies, des intentions ou des personnes. Il peut \u00eatre employ\u00e9 pour sceller un v\u0153u, une promesse ou une intention, ou bien pour lib\u00e9rer des \u00e9nergies n\u00e9gatives ou ind\u00e9sirables.<\/p>\n<p>Dans la sorcellerie moderne, le n\u0153ud de sorci\u00e8re est \u00e9galement utilis\u00e9 comme un outil de protection ou de divination. Il peut \u00eatre tiss\u00e9 dans des charmes ou des amulettes pour prot\u00e9ger contre les influences n\u00e9fastes ou pour attirer des \u00e9nergies b\u00e9n\u00e9fiques.<\/p>\n<p>En tant que symbole de myst\u00e8re et de pouvoir, le n\u0153ud de sorci\u00e8re repr\u00e9sente la capacit\u00e9 de la sorci\u00e8re \u00e0 manipuler les forces de l&rsquo;univers pour atteindre ses objectifs magiques. Il incarne \u00e9galement la connexion entre le monde physique et le monde spirituel, offrant un moyen de canaliser et de diriger les \u00e9nergies magiques.<\/p>\n<p>En r\u00e9sum\u00e9, le n\u0153ud de sorci\u00e8re est bien plus qu&rsquo;un simple motif d\u00e9coratif. C&rsquo;est un symbole charg\u00e9 de significations mystiques et magiques, utilis\u00e9 depuis des si\u00e8cles dans les pratiques de sorcellerie pour manipuler les \u00e9nergies et r\u00e9aliser des intentions magiques.<\/p>\n","protected":false},"excerpt":{"rendered":"<p>Collier n\u0153ud de sorci\u00e8re en acier inoxydable avec perles en quartz rose<\/p>\n<p>&nbsp;<\/p>\n","protected":false},"featured_media":1852,"comment_status":"open","ping_status":"closed","template":"","meta":[],"product_brand":[],"product_cat":[62],"product_tag":[],"class_list":{"0":"post-1298","1":"product","2":"type-product","3":"status-publish","4":"has-post-thumbnail","6":"product_cat-collier","8":"first","9":"outofstock","10":"sale","11":"shipping-taxable","12":"purchasable","13":"product-type-simple"},"yoast_head":"<!-- This site is optimized with the Yoast SEO plugin v27.5 - https:\/\/yoast.com\/product\/yoast-seo-wordpress\/ -->\n<title>N\u0153ud de sorci\u00e8re - Boutique El&#039;aimant Air<\/title>\n<meta name=\"description\" content=\"Collier n\u0153ud de sorci\u00e8re en acier inoxydable avec perles en quartz roseLe n\u0153ud de sorci\u00e8re est un symbole ancien, souvent utilis\u00e9 dans les pratiques\" \/>\n<meta name=\"robots\" content=\"index, follow, max-snippet:-1, max-image-preview:large, max-video-preview:-1\" \/>\n<link rel=\"canonical\" href=\"https:\/\/elaimantair.fr\/boutique\/produit\/noeud-de-sorciere-2\/\" \/>\n<meta property=\"og:locale\" content=\"fr_FR\" \/>\n<meta property=\"og:type\" content=\"article\" \/>\n<meta property=\"og:title\" content=\"N\u0153ud de sorci\u00e8re - Boutique El&#039;aimant Air\" \/>\n<meta property=\"og:description\" content=\"Collier n\u0153ud de sorci\u00e8re en acier inoxydable avec perles en quartz roseLe n\u0153ud de sorci\u00e8re est un symbole ancien, souvent utilis\u00e9 dans les pratiques\" \/>\n<meta property=\"og:url\" content=\"https:\/\/elaimantair.fr\/boutique\/produit\/noeud-de-sorciere-2\/\" \/>\n<meta property=\"og:site_name\" content=\"Boutique El&#039;aimant Air\" \/>\n<meta property=\"article:publisher\" content=\"https:\/\/www.facebook.com\/louka.dou.5\" \/>\n<meta property=\"article:modified_time\" content=\"2026-02-17T03:43:05+00:00\" \/>\n<meta property=\"og:image\" content=\"https:\/\/elaimantair.fr\/boutique\/wp-content\/uploads\/2023\/03\/1000008924.jpg\" \/>\n\t<meta property=\"og:image:width\" content=\"1600\" \/>\n\t<meta property=\"og:image:height\" content=\"1600\" \/>\n\t<meta property=\"og:image:type\" content=\"image\/jpeg\" \/>\n<meta name=\"twitter:card\" content=\"summary_large_image\" \/>\n<meta name=\"twitter:site\" content=\"@AimantAir\" \/>\n<meta name=\"twitter:label1\" content=\"Dur\u00e9e de lecture estim\u00e9e\" \/>\n\t<meta name=\"twitter:data1\" content=\"1 minute\" \/>\n<script type=\"application\/ld+json\" class=\"yoast-schema-graph\">{\"@context\":\"https:\\\/\\\/schema.org\",\"@graph\":[{\"@type\":\"WebPage\",\"@id\":\"https:\\\/\\\/elaimantair.fr\\\/boutique\\\/produit\\\/noeud-de-sorciere-2\\\/\",\"url\":\"https:\\\/\\\/elaimantair.fr\\\/boutique\\\/produit\\\/noeud-de-sorciere-2\\\/\",\"name\":\"N\u0153ud de sorci\u00e8re - Boutique El&#039;aimant Air\",\"isPartOf\":{\"@id\":\"https:\\\/\\\/elaimantair.fr\\\/boutique\\\/#website\"},\"primaryImageOfPage\":{\"@id\":\"https:\\\/\\\/elaimantair.fr\\\/boutique\\\/produit\\\/noeud-de-sorciere-2\\\/#primaryimage\"},\"image\":{\"@id\":\"https:\\\/\\\/elaimantair.fr\\\/boutique\\\/produit\\\/noeud-de-sorciere-2\\\/#primaryimage\"},\"thumbnailUrl\":\"https:\\\/\\\/elaimantair.fr\\\/boutique\\\/wp-content\\\/uploads\\\/2023\\\/03\\\/114851.png\",\"datePublished\":\"2023-03-31T11:13:23+00:00\",\"dateModified\":\"2026-02-17T03:43:05+00:00\",\"description\":\"Collier n\u0153ud de sorci\u00e8re en acier inoxydable avec perles en quartz roseLe n\u0153ud de sorci\u00e8re est un symbole ancien, souvent utilis\u00e9 dans les pratiques\",\"breadcrumb\":{\"@id\":\"https:\\\/\\\/elaimantair.fr\\\/boutique\\\/produit\\\/noeud-de-sorciere-2\\\/#breadcrumb\"},\"inLanguage\":\"fr-FR\",\"potentialAction\":[{\"@type\":\"ReadAction\",\"target\":[\"https:\\\/\\\/elaimantair.fr\\\/boutique\\\/produit\\\/noeud-de-sorciere-2\\\/\"]}]},{\"@type\":\"ImageObject\",\"inLanguage\":\"fr-FR\",\"@id\":\"https:\\\/\\\/elaimantair.fr\\\/boutique\\\/produit\\\/noeud-de-sorciere-2\\\/#primaryimage\",\"url\":\"https:\\\/\\\/elaimantair.fr\\\/boutique\\\/wp-content\\\/uploads\\\/2023\\\/03\\\/114851.png\",\"contentUrl\":\"https:\\\/\\\/elaimantair.fr\\\/boutique\\\/wp-content\\\/uploads\\\/2023\\\/03\\\/114851.png\",\"width\":864,\"height\":1184},{\"@type\":\"BreadcrumbList\",\"@id\":\"https:\\\/\\\/elaimantair.fr\\\/boutique\\\/produit\\\/noeud-de-sorciere-2\\\/#breadcrumb\",\"itemListElement\":[{\"@type\":\"ListItem\",\"position\":1,\"name\":\"Accueil boutique\",\"item\":\"https:\\\/\\\/elaimantair.fr\\\/boutique\\\/\"},{\"@type\":\"ListItem\",\"position\":2,\"name\":\"Accueil boutique\",\"item\":\"https:\\\/\\\/elaimantair.fr\\\/boutique\\\/\"},{\"@type\":\"ListItem\",\"position\":3,\"name\":\"N\u0153ud de sorci\u00e8re\"}]},{\"@type\":\"WebSite\",\"@id\":\"https:\\\/\\\/elaimantair.fr\\\/boutique\\\/#website\",\"url\":\"https:\\\/\\\/elaimantair.fr\\\/boutique\\\/\",\"name\":\"Boutique El'aimant Air\",\"description\":\"Sublimer votre lumi\u00e8re\",\"publisher\":{\"@id\":\"https:\\\/\\\/elaimantair.fr\\\/boutique\\\/#organization\"},\"potentialAction\":[{\"@type\":\"SearchAction\",\"target\":{\"@type\":\"EntryPoint\",\"urlTemplate\":\"https:\\\/\\\/elaimantair.fr\\\/boutique\\\/?s={search_term_string}\"},\"query-input\":{\"@type\":\"PropertyValueSpecification\",\"valueRequired\":true,\"valueName\":\"search_term_string\"}}],\"inLanguage\":\"fr-FR\"},{\"@type\":\"Organization\",\"@id\":\"https:\\\/\\\/elaimantair.fr\\\/boutique\\\/#organization\",\"name\":\"El'aimant Air\",\"url\":\"https:\\\/\\\/elaimantair.fr\\\/boutique\\\/\",\"logo\":{\"@type\":\"ImageObject\",\"inLanguage\":\"fr-FR\",\"@id\":\"https:\\\/\\\/elaimantair.fr\\\/boutique\\\/#\\\/schema\\\/logo\\\/image\\\/\",\"url\":\"https:\\\/\\\/elaimantair.fr\\\/boutique\\\/wp-content\\\/uploads\\\/2022\\\/04\\\/elaimantairLogo-512.jpg\",\"contentUrl\":\"https:\\\/\\\/elaimantair.fr\\\/boutique\\\/wp-content\\\/uploads\\\/2022\\\/04\\\/elaimantairLogo-512.jpg\",\"width\":512,\"height\":512,\"caption\":\"El'aimant Air\"},\"image\":{\"@id\":\"https:\\\/\\\/elaimantair.fr\\\/boutique\\\/#\\\/schema\\\/logo\\\/image\\\/\"},\"sameAs\":[\"https:\\\/\\\/www.facebook.com\\\/louka.dou.5\",\"https:\\\/\\\/x.com\\\/AimantAir\",\"https:\\\/\\\/www.instagram.com\\\/elaimantair\",\"https:\\\/\\\/www.pinterest.com\\\/Elaimantair\\\/\"]}]}<\/script>\n<!-- \/ Yoast SEO plugin. -->","yoast_head_json":{"title":"N\u0153ud de sorci\u00e8re - Boutique El&#039;aimant Air","description":"Collier n\u0153ud de sorci\u00e8re en acier inoxydable avec perles en quartz roseLe n\u0153ud de sorci\u00e8re est un symbole ancien, souvent utilis\u00e9 dans les pratiques","robots":{"index":"index","follow":"follow","max-snippet":"max-snippet:-1","max-image-preview":"max-image-preview:large","max-video-preview":"max-video-preview:-1"},"canonical":"https:\/\/elaimantair.fr\/boutique\/produit\/noeud-de-sorciere-2\/","og_locale":"fr_FR","og_type":"article","og_title":"N\u0153ud de sorci\u00e8re - Boutique El&#039;aimant Air","og_description":"Collier n\u0153ud de sorci\u00e8re en acier inoxydable avec perles en quartz roseLe n\u0153ud de sorci\u00e8re est un symbole ancien, souvent utilis\u00e9 dans les pratiques","og_url":"https:\/\/elaimantair.fr\/boutique\/produit\/noeud-de-sorciere-2\/","og_site_name":"Boutique El&#039;aimant Air","article_publisher":"https:\/\/www.facebook.com\/louka.dou.5","article_modified_time":"2026-02-17T03:43:05+00:00","og_image":[{"width":1600,"height":1600,"url":"https:\/\/elaimantair.fr\/boutique\/wp-content\/uploads\/2023\/03\/1000008924.jpg","type":"image\/jpeg"}],"twitter_card":"summary_large_image","twitter_site":"@AimantAir","twitter_misc":{"Dur\u00e9e de lecture estim\u00e9e":"1 minute"},"schema":{"@context":"https:\/\/schema.org","@graph":[{"@type":"WebPage","@id":"https:\/\/elaimantair.fr\/boutique\/produit\/noeud-de-sorciere-2\/","url":"https:\/\/elaimantair.fr\/boutique\/produit\/noeud-de-sorciere-2\/","name":"N\u0153ud de sorci\u00e8re - Boutique El&#039;aimant Air","isPartOf":{"@id":"https:\/\/elaimantair.fr\/boutique\/#website"},"primaryImageOfPage":{"@id":"https:\/\/elaimantair.fr\/boutique\/produit\/noeud-de-sorciere-2\/#primaryimage"},"image":{"@id":"https:\/\/elaimantair.fr\/boutique\/produit\/noeud-de-sorciere-2\/#primaryimage"},"thumbnailUrl":"https:\/\/elaimantair.fr\/boutique\/wp-content\/uploads\/2023\/03\/114851.png","datePublished":"2023-03-31T11:13:23+00:00","dateModified":"2026-02-17T03:43:05+00:00","description":"Collier n\u0153ud de sorci\u00e8re en acier inoxydable avec perles en quartz roseLe n\u0153ud de sorci\u00e8re est un symbole ancien, souvent utilis\u00e9 dans les pratiques","breadcrumb":{"@id":"https:\/\/elaimantair.fr\/boutique\/produit\/noeud-de-sorciere-2\/#breadcrumb"},"inLanguage":"fr-FR","potentialAction":[{"@type":"ReadAction","target":["https:\/\/elaimantair.fr\/boutique\/produit\/noeud-de-sorciere-2\/"]}]},{"@type":"ImageObject","inLanguage":"fr-FR","@id":"https:\/\/elaimantair.fr\/boutique\/produit\/noeud-de-sorciere-2\/#primaryimage","url":"https:\/\/elaimantair.fr\/boutique\/wp-content\/uploads\/2023\/03\/114851.png","contentUrl":"https:\/\/elaimantair.fr\/boutique\/wp-content\/uploads\/2023\/03\/114851.png","width":864,"height":1184},{"@type":"BreadcrumbList","@id":"https:\/\/elaimantair.fr\/boutique\/produit\/noeud-de-sorciere-2\/#breadcrumb","itemListElement":[{"@type":"ListItem","position":1,"name":"Accueil boutique","item":"https:\/\/elaimantair.fr\/boutique\/"},{"@type":"ListItem","position":2,"name":"Accueil boutique","item":"https:\/\/elaimantair.fr\/boutique\/"},{"@type":"ListItem","position":3,"name":"N\u0153ud de sorci\u00e8re"}]},{"@type":"WebSite","@id":"https:\/\/elaimantair.fr\/boutique\/#website","url":"https:\/\/elaimantair.fr\/boutique\/","name":"Boutique El'aimant Air","description":"Sublimer votre lumi\u00e8re","publisher":{"@id":"https:\/\/elaimantair.fr\/boutique\/#organization"},"potentialAction":[{"@type":"SearchAction","target":{"@type":"EntryPoint","urlTemplate":"https:\/\/elaimantair.fr\/boutique\/?s={search_term_string}"},"query-input":{"@type":"PropertyValueSpecification","valueRequired":true,"valueName":"search_term_string"}}],"inLanguage":"fr-FR"},{"@type":"Organization","@id":"https:\/\/elaimantair.fr\/boutique\/#organization","name":"El'aimant Air","url":"https:\/\/elaimantair.fr\/boutique\/","logo":{"@type":"ImageObject","inLanguage":"fr-FR","@id":"https:\/\/elaimantair.fr\/boutique\/#\/schema\/logo\/image\/","url":"https:\/\/elaimantair.fr\/boutique\/wp-content\/uploads\/2022\/04\/elaimantairLogo-512.jpg","contentUrl":"https:\/\/elaimantair.fr\/boutique\/wp-content\/uploads\/2022\/04\/elaimantairLogo-512.jpg","width":512,"height":512,"caption":"El'aimant Air"},"image":{"@id":"https:\/\/elaimantair.fr\/boutique\/#\/schema\/logo\/image\/"},"sameAs":["https:\/\/www.facebook.com\/louka.dou.5","https:\/\/x.com\/AimantAir","https:\/\/www.instagram.com\/elaimantair","https:\/\/www.pinterest.com\/Elaimantair\/"]}]}},"jetpack_sharing_enabled":true,"_links":{"self":[{"href":"https:\/\/elaimantair.fr\/boutique\/wp-json\/wp\/v2\/product\/1298","targetHints":{"allow":["GET"]}}],"collection":[{"href":"https:\/\/elaimantair.fr\/boutique\/wp-json\/wp\/v2\/product"}],"about":[{"href":"https:\/\/elaimantair.fr\/boutique\/wp-json\/wp\/v2\/types\/product"}],"replies":[{"embeddable":true,"href":"https:\/\/elaimantair.fr\/boutique\/wp-json\/wp\/v2\/comments?post=1298"}],"wp:featuredmedia":[{"embeddable":true,"href":"https:\/\/elaimantair.fr\/boutique\/wp-json\/wp\/v2\/media\/1852"}],"wp:attachment":[{"href":"https:\/\/elaimantair.fr\/boutique\/wp-json\/wp\/v2\/media?parent=1298"}],"wp:term":[{"taxonomy":"product_brand","embeddable":true,"href":"https:\/\/elaimantair.fr\/boutique\/wp-json\/wp\/v2\/product_brand?post=1298"},{"taxonomy":"product_cat","embeddable":true,"href":"https:\/\/elaimantair.fr\/boutique\/wp-json\/wp\/v2\/product_cat?post=1298"},{"taxonomy":"product_tag","embeddable":true,"href":"https:\/\/elaimantair.fr\/boutique\/wp-json\/wp\/v2\/product_tag?post=1298"}],"curies":[{"name":"wp","href":"https:\/\/api.w.org\/{rel}","templated":true}]}}